74.7.241.1 - - [07/Sep/2026:12:34:24 +0000] "GET /goods.php?detail/219000762612 HTTP/2" 200 20039 "https://joldhi.com/goods.php?detail/219000753588" "Mozilla/5.0 AppleWebKit/537.36 (KHTML, like Gecko; compatible; GPTBot/1.4; +https://openai.com/gptbot)"
74.7.241.1 - - [07/Sep/2026:12:34:26 +0000] "GET /goods.php?detail/219000783639 HTTP/2" 200 19910 "https://joldhi.com/goods.php?detail/219000753588" "Mozilla/5.0 AppleWebKit/537.36 (KHTML, like Gecko; compatible; GPTBot/1.4; +https://openai.com/gptbot)"
66.249.77.9 - - [07/Sep/2026:12:34:28 +0000] "GET /detail.php?=160354 HTTP/1.1" 200 23635 "-" "Mozilla/5.0 (Linux; Android 6.0.1; Nexus 5X Build/MMB29P) AppleWebKit/537.36 (KHTML, like Gecko) Chrome/151.0.7922.173 Mobile Safari/537.36 (compatible; Googlebot/2.1; +http://www.google.com/bot.html)"
57.141.2.75 - - [07/Sep/2026:12:34:31 +0000] "GET /?shop/items/T37251237085/ HTTP/2" 403 1242 "-" "Mozilla/5.0 (Windows NT 10.0; Win64; x64) AppleWebKit/537.36 (KHTML, like Gecko) Chrome/145.0.0.0 Safari/537.36 (compatible; meta-externalagent/1.1 (+https://developers.facebook.com/docs/sharing/webmasters/crawler))"
74.7.241.1 - - [07/Sep/2026:12:34:29 +0000] "GET /goods.php?detail/2680487606265 HTTP/2" 200 19751 "https://joldhi.com/goods.php?detail/268006850092" "Mozilla/5.0 AppleWebKit/537.36 (KHTML, like Gecko; compatible; GPTBot/1.4; +https://openai.com/gptbot)"
66.249.71.67 - - [07/Sep/2026:12:34:30 +0000] "GET /detail.php?k=56560256278 HTTP/1.1" 200 24437 "-" "Mozilla/5.0 (Linux; Android 6.0.1; Nexus 5X Build/MMB29P) AppleWebKit/537.36 (KHTML, like Gecko) Chrome/151.0.7922.173 Mobile Safari/537.36 (compatible; Googlebot/2.1; +http://www.google.com/bot.html)"
74.7.241.1 - - [07/Sep/2026:12:34:31 +0000] "GET /goods.php?detail/0790057510951 HTTP/2" 200 20276 "https://joldhi.com/goods.php?auc-genroku-550467" "Mozilla/5.0 AppleWebKit/537.36 (KHTML, like Gecko; compatible; GPTBot/1.4; +https://openai.com/gptbot)"
74.7.241.1 - - [07/Sep/2026:12:34:33 +0000] "GET /goods.php?detail/1450440082140 HTTP/2" 200 19231 "https://joldhi.com/goods.php?detail/231011800844" "Mozilla/5.0 AppleWebKit/537.36 (KHTML, like Gecko; compatible; GPTBot/1.4; +https://openai.com/gptbot)"
57.141.2.17 - - [07/Sep/2026:12:34:37 +0000] "GET /?shop/items/S54826121616/ HTTP/2" 403 1242 "-" "Mozilla/5.0 (Windows NT 10.0; Win64; x64) AppleWebKit/537.36 (KHTML, like Gecko) Chrome/145.0.0.0 Safari/537.36 Edg/145.0.0.0 (compatible; meta-externalagent/1.1 (+https://developers.facebook.com/docs/sharing/webmasters/crawler))"
74.7.241.1 - - [07/Sep/2026:12:34:36 +0000] "GET /goods.php?tkonline-un-166493 HTTP/2" 200 20632 "https://joldhi.com/goods.php?autopartsdirect-93201166079727466702" "Mozilla/5.0 AppleWebKit/537.36 (KHTML, like Gecko; compatible; GPTBot/1.4; +https://openai.com/gptbot)"
57.141.2.48 - - [07/Sep/2026:12:34:39 +0000] "GET /?shop/items/R88157121328/ HTTP/2" 403 1242 "-" "Mozilla/5.0 (X11; Linux x86_64) AppleWebKit/537.36 (KHTML, like Gecko) Chrome/145.0.0.0 Safari/537.36 (compatible; meta-externalagent/1.1 (+https://developers.facebook.com/docs/sharing/webmasters/crawler))"
74.7.241.1 - - [07/Sep/2026:12:34:39 +0000] "GET /goods.php?detail/2020084549928 HTTP/2" 200 19739 "https://joldhi.com/goods.php?detail/202019272028" "Mozilla/5.0 AppleWebKit/537.36 (KHTML, like Gecko; compatible; GPTBot/1.4; +https://openai.com/gptbot)"
57.141.2.18 - - [07/Sep/2026:12:34:42 +0000] "GET /?shop/items/Z95133228483/ HTTP/2" 403 1242 "-" "Mozilla/5.0 (Windows NT 10.0; Win64; x64) AppleWebKit/537.36 (KHTML, like Gecko) Chrome/145.0.0.0 Safari/537.36 (compatible; meta-externalagent/1.1 (+https://developers.facebook.com/docs/sharing/webmasters/crawler))"
74.7.241.1 - - [07/Sep/2026:12:34:41 +0000] "GET /goods.php?detail/1730050307978 HTTP/2" 200 20184 "https://joldhi.com/goods.php?detail/282001403099" "Mozilla/5.0 AppleWebKit/537.36 (KHTML, like Gecko; compatible; GPTBot/1.4; +https://openai.com/gptbot)"
85.208.96.207 - - [07/Sep/2026:12:34:45 +0000] "GET /?shop%2Fitems%2FA2241214721%2F HTTP/1.1" 200 2662 "-" "Mozilla/5.0 (compatible; SemrushBot/7~bl; +http://www.semrush.com/bot.html)"
57.141.2.11 - - [07/Sep/2026:12:34:45 +0000] "GET /?shop/items/Z95133122162/ HTTP/2" 403 1242 "-" "Mozilla/5.0 (Windows NT 10.0; Win64; x64) AppleWebKit/537.36 (KHTML, like Gecko) Chrome/145.0.0.0 Safari/537.36 (compatible; meta-externalagent/1.1 (+https://developers.facebook.com/docs/sharing/webmasters/crawler))"
74.7.241.1 - - [07/Sep/2026:12:34:43 +0000] "GET /goods.php?detail/0790040455651 HTTP/2" 200 20290 "https://joldhi.com/goods.php?detail/0790026007376" "Mozilla/5.0 AppleWebKit/537.36 (KHTML, like Gecko; compatible; GPTBot/1.4; +https://openai.com/gptbot)"
74.7.241.1 - - [07/Sep/2026:12:34:46 +0000] "GET /goods.php?detail/1710273527129 HTTP/2" 200 19594 "https://joldhi.com/goods.php?detail/1710229176201" "Mozilla/5.0 AppleWebKit/537.36 (KHTML, like Gecko; compatible; GPTBot/1.4; +https://openai.com/gptbot)"
66.249.77.9 - - [07/Sep/2026:12:34:47 +0000] "GET /detail.php?z=32135241676 HTTP/1.1" 200 23963 "-" "Mozilla/5.0 (Linux; Android 6.0.1; Nexus 5X Build/MMB29P) AppleWebKit/537.36 (KHTML, like Gecko) Chrome/151.0.7922.173 Mobile Safari/537.36 (compatible; Googlebot/2.1; +http://www.google.com/bot.html)"
57.141.2.37 - - [07/Sep/2026:12:34:49 +0000] "GET /?shop/items/Q4611471405/ HTTP/2" 403 1242 "-" "Mozilla/5.0 (Windows NT 10.0; Win64; x64) AppleWebKit/537.36 (KHTML, like Gecko) Chrome/145.0.0.0 Safari/537.36 (compatible; meta-externalagent/1.1 (+https://developers.facebook.com/docs/sharing/webmasters/crawler))"
74.7.241.1 - - [07/Sep/2026:12:34:49 +0000] "GET /goods.php?detail/0510320364101 HTTP/2" 200 19743 "https://joldhi.com/goods.php?detail/1740152945243" "Mozilla/5.0 AppleWebKit/537.36 (KHTML, like Gecko; compatible; GPTBot/1.4; +https://openai.com/gptbot)"
57.141.2.52 - - [07/Sep/2026:12:34:51 +0000] "GET /?shop/items/Z9513395284/ HTTP/2" 403 1242 "-" "Mozilla/5.0 (X11; Linux x86_64) AppleWebKit/537.36 (KHTML, like Gecko) Chrome/145.0.0.0 Safari/537.36 (compatible; meta-externalagent/1.1 (+https://developers.facebook.com/docs/sharing/webmasters/crawler))"
74.7.241.1 - - [07/Sep/2026:12:34:51 +0000] "GET /goods.php?detail/1490338332038 HTTP/2" 200 19941 "https://joldhi.com/goods.php?detail/133012447032" "Mozilla/5.0 AppleWebKit/537.36 (KHTML, like Gecko; compatible; GPTBot/1.4; +https://openai.com/gptbot)"
57.141.2.2 - - [07/Sep/2026:12:34:53 +0000] "GET /?shop/items/R88157233448/ HTTP/2" 403 1242 "-" "Mozilla/5.0 (Windows NT 10.0; Win64; x64) AppleWebKit/537.36 (KHTML, like Gecko) Chrome/145.0.0.0 Safari/537.36 (compatible; meta-externalagent/1.1 (+https://developers.facebook.com/docs/sharing/webmasters/crawler))"
57.141.2.28 - - [07/Sep/2026:12:34:55 +0000] "GET /?shop/items/Z95133168544/ HTTP/2" 403 1242 "-" "Mozilla/5.0 (Macintosh; Intel Mac OS X 10_15_7) AppleWebKit/537.36 (KHTML, like Gecko) Chrome/145.0.0.0 Safari/537.36 (compatible; meta-externalagent/1.1 (+https://developers.facebook.com/docs/sharing/webmasters/crawler))"
74.7.241.1 - - [07/Sep/2026:12:34:53 +0000] "GET /goods.php?detail/0480078194947 HTTP/2" 200 20861 "https://joldhi.com/goods.php?detail/2080184749495" "Mozilla/5.0 AppleWebKit/537.36 (KHTML, like Gecko; compatible; GPTBot/1.4; +https://openai.com/gptbot)"
57.141.2.23 - - [07/Sep/2026:12:34:57 +0000] "GET /?shop/items/H7379575970/ HTTP/2" 403 1242 "-" "Mozilla/5.0 (Windows NT 10.0; Win64; x64) AppleWebKit/537.36 (KHTML, like Gecko) Chrome/145.0.0.0 Safari/537.36 Edg/145.0.0.0 (compatible; meta-externalagent/1.1 (+https://developers.facebook.com/docs/sharing/webmasters/crawler))"
85.208.96.200 - - [07/Sep/2026:12:34:57 +0000] "GET /?shop%2Fitems%2FZ9513393762%2F HTTP/1.1" 200 2665 "-" "Mozilla/5.0 (compatible; SemrushBot/7~bl; +http://www.semrush.com/bot.html)"
74.7.241.1 - - [07/Sep/2026:12:34:56 +0000] "GET /goods.php?detail/1710273718857 HTTP/2" 200 20257 "https://joldhi.com/goods.php?detail/1710229176201" "Mozilla/5.0 AppleWebKit/537.36 (KHTML, like Gecko; compatible; GPTBot/1.4; +https://openai.com/gptbot)"
74.7.241.1 - - [07/Sep/2026:12:34:59 +0000] "GET /goods.php?detail/079006176211 HTTP/2" 200 20085 "https://joldhi.com/goods.php?detail/0790057510951" "Mozilla/5.0 AppleWebKit/537.36 (KHTML, like Gecko; compatible; GPTBot/1.4; +https://openai.com/gptbot)"
57.141.2.28 - - [07/Sep/2026:12:35:01 +0000] "GET /?shop/items/Q46114110935/ HTTP/2" 403 1242 "-" "Mozilla/5.0 (Windows NT 10.0; Win64; x64) AppleWebKit/537.36 (KHTML, like Gecko) Chrome/145.0.0.0 Safari/537.36 (compatible; meta-externalagent/1.1 (+https://developers.facebook.com/docs/sharing/webmasters/crawler))"
74.7.241.1 - - [07/Sep/2026:12:35:02 +0000] "GET /goods.php?detail/070026732685 HTTP/2" 200 19854 "https://joldhi.com/goods.php?detail/1450440082140" "Mozilla/5.0 AppleWebKit/537.36 (KHTML, like Gecko; compatible; GPTBot/1.4; +https://openai.com/gptbot)"
57.141.2.20 - - [07/Sep/2026:12:35:05 +0000] "GET /?shop/items/X17469170362/ HTTP/2" 403 1242 "-" "Mozilla/5.0 (Windows NT 10.0; Win64; x64) AppleWebKit/537.36 (KHTML, like Gecko) Chrome/145.0.0.0 Safari/537.36 (compatible; meta-externalagent/1.1 (+https://developers.facebook.com/docs/sharing/webmasters/crawler))"
57.141.2.34 - - [07/Sep/2026:12:35:07 +0000] "GET /?shop/items/A2241268563/ HTTP/2" 403 1242 "-" "Mozilla/5.0 (Windows NT 10.0; Win64; x64) AppleWebKit/537.36 (KHTML, like Gecko) Chrome/145.0.0.0 Safari/537.36 (compatible; meta-externalagent/1.1 (+https://developers.facebook.com/docs/sharing/webmasters/crawler))"
74.7.241.1 - - [07/Sep/2026:12:35:05 +0000] "GET /goods.php?detail/2480024979074 HTTP/2" 200 19708 "https://joldhi.com/goods.php?detail/13700817715297" "Mozilla/5.0 AppleWebKit/537.36 (KHTML, like Gecko; compatible; GPTBot/1.4; +https://openai.com/gptbot)"
57.141.2.24 - - [07/Sep/2026:12:35:11 +0000] "GET /?shop/items/X1746910004/ HTTP/2" 403 1242 "-" "Mozilla/5.0 (Macintosh; Intel Mac OS X 10_15_7) AppleWebKit/537.36 (KHTML, like Gecko) Chrome/145.0.0.0 Safari/537.36 (compatible; meta-externalagent/1.1 (+https://developers.facebook.com/docs/sharing/webmasters/crawler))"
74.7.241.1 - - [07/Sep/2026:12:35:09 +0000] "GET /goods.php?detail/202009204452 HTTP/2" 200 19502 "https://joldhi.com/goods.php?detail/2020084549928" "Mozilla/5.0 AppleWebKit/537.36 (KHTML, like Gecko; compatible; GPTBot/1.4; +https://openai.com/gptbot)"
57.141.2.2 - - [07/Sep/2026:12:35:13 +0000] "GET /?shop/items/T37251157229/ HTTP/2" 403 1242 "-" "Mozilla/5.0 (Windows NT 10.0; Win64; x64) AppleWebKit/537.36 (KHTML, like Gecko) Chrome/145.0.0.0 Safari/537.36 (compatible; meta-externalagent/1.1 (+https://developers.facebook.com/docs/sharing/webmasters/crawler))"
66.249.71.67 - - [07/Sep/2026:12:35:12 +0000] "GET /detail.php?k=56560127906 HTTP/1.1" 200 24388 "-" "Mozilla/5.0 (Linux; Android 6.0.1; Nexus 5X Build/MMB29P) AppleWebKit/537.36 (KHTML, like Gecko) Chrome/151.0.7922.173 Mobile Safari/537.36 (compatible; Googlebot/2.1; +http://www.google.com/bot.html)"
74.7.241.1 - - [07/Sep/2026:12:35:12 +0000] "GET /goods.php?tuzukiya-t04-8170 HTTP/2" 200 21147 "https://joldhi.com/goods.php?detail/2020084549928" "Mozilla/5.0 AppleWebKit/537.36 (KHTML, like Gecko; compatible; GPTBot/1.4; +https://openai.com/gptbot)"
57.141.2.6 - - [07/Sep/2026:12:34:35 +0000] "GET /?shop/items/X1746942818/ HTTP/2" 403 1242 "-" "Mozilla/5.0 (Macintosh; Intel Mac OS X 10_15_7) AppleWebKit/537.36 (KHTML, like Gecko) Chrome/145.0.0.0 Safari/537.36 (compatible; meta-externalagent/1.1 (+https://developers.facebook.com/docs/sharing/webmasters/crawler))"
85.208.96.207 - - [07/Sep/2026:12:34:38 +0000] "GET /?shop%2Fitems%2FZ9513342221%2F HTTP/1.1" 200 2662 "-" "Mozilla/5.0 (compatible; SemrushBot/7~bl; +http://www.semrush.com/bot.html)"
57.141.2.71 - - [07/Sep/2026:12:34:41 +0000] "GET /?shop/items/J27647200406/ HTTP/2" 403 1242 "-" "Mozilla/5.0 (Windows NT 10.0; Win64; x64) AppleWebKit/537.36 (KHTML, like Gecko) Chrome/145.0.0.0 Safari/537.36 (compatible; meta-externalagent/1.1 (+https://developers.facebook.com/docs/sharing/webmasters/crawler))"
57.141.2.24 - - [07/Sep/2026:12:34:47 +0000] "GET /?shop/items/T37251186792/ HTTP/2" 403 1242 "-" "Mozilla/5.0 (Windows NT 10.0; Win64; x64) AppleWebKit/537.36 (KHTML, like Gecko) Chrome/145.0.0.0 Safari/537.36 (compatible; meta-externalagent/1.1 (+https://developers.facebook.com/docs/sharing/webmasters/crawler))"
85.208.96.210 - - [07/Sep/2026:12:34:48 +0000] "GET /?shop%2Fitems%2FX1746921655%2F HTTP/1.1" 200 2665 "-" "Mozilla/5.0 (compatible; SemrushBot/7~bl; +http://www.semrush.com/bot.html)"
185.191.171.16 - - [07/Sep/2026:12:34:55 +0000] "GET /?shop%2Fitems%2FX174697870%2F HTTP/1.1" 200 2665 "-" "Mozilla/5.0 (compatible; SemrushBot/7~bl; +http://www.semrush.com/bot.html)"
57.141.2.27 - - [07/Sep/2026:12:34:59 +0000] "GET /?shop/items/J27647102545/ HTTP/2" 403 1242 "-" "Mozilla/5.0 (Macintosh; Intel Mac OS X 10_15_7) AppleWebKit/537.36 (KHTML, like Gecko) Chrome/145.0.0.0 Safari/537.36 (compatible; meta-externalagent/1.1 (+https://developers.facebook.com/docs/sharing/webmasters/crawler))"
37.59.204.148 - - [07/Sep/2026:12:35:01 +0000] "GET /?sitemap16.xml HTTP/2" 200 2284 "-" "Mozilla/5.0 (compatible; AhrefsBot/7.0; +http://ahrefs.com/robot/)"
66.249.77.10 - - [07/Sep/2026:12:35:03 +0000] "GET /detail.php?t=71337239923 HTTP/1.1" 200 24545 "-" "Mozilla/5.0 (Linux; Android 6.0.1; Nexus 5X Build/MMB29P) AppleWebKit/537.36 (KHTML, like Gecko) Chrome/151.0.7922.173 Mobile Safari/537.36 (compatible; Googlebot/2.1; +http://www.google.com/bot.html)"
57.141.2.28 - - [07/Sep/2026:12:35:05 +0000] "GET /?shop/items/Q46114191473/ HTTP/2" 403 1242 "-" "Mozilla/5.0 (X11; Linux x86_64) AppleWebKit/537.36 (KHTML, like Gecko) Chrome/145.0.0.0 Safari/537.36 (compatible; meta-externalagent/1.1 (+https://developers.facebook.com/docs/sharing/webmasters/crawler))"
66.249.77.10 - - [07/Sep/2026:12:35:05 +0000] "GET /detail.php?=134926 HTTP/1.1" 200 23686 "-" "Mozilla/5.0 (Linux; Android 6.0.1; Nexus 5X Build/MMB29P) AppleWebKit/537.36 (KHTML, like Gecko) Chrome/151.0.7922.173 Mobile Safari/537.36 (compatible; Googlebot/2.1; +http://www.google.com/bot.html)"
57.141.2.68 - - [07/Sep/2026:12:35:09 +0000] "GET /?shop/items/T37251193078/ HTTP/2" 403 1242 "-" "Mozilla/5.0 (Windows NT 10.0; Win64; x64) AppleWebKit/537.36 (KHTML, like Gecko) Chrome/145.0.0.0 Safari/537.36 (compatible; meta-externalagent/1.1 (+https://developers.facebook.com/docs/sharing/webmasters/crawler))"
57.141.2.7 - - [07/Sep/2026:12:35:19 +0000] "GET /?shop/items/S54826151960/ HTTP/2" 403 1242 "-" "Mozilla/5.0 (Windows NT 10.0; Win64; x64) AppleWebKit/537.36 (KHTML, like Gecko) Chrome/145.0.0.0 Safari/537.36 (compatible; meta-externalagent/1.1 (+https://developers.facebook.com/docs/sharing/webmasters/crawler))"
85.208.96.205 - - [07/Sep/2026:12:35:19 +0000] "GET /?shop%2Fitems%2FX1746911501%2F HTTP/1.1" 200 2663 "-" "Mozilla/5.0 (compatible; SemrushBot/7~bl; +http://www.semrush.com/bot.html)"
57.141.2.38 - - [07/Sep/2026:12:35:21 +0000] "GET /?shop/items/L8705914653/ HTTP/2" 403 1242 "-" "Mozilla/5.0 (Windows NT 10.0; Win64; x64) AppleWebKit/537.36 (KHTML, like Gecko) Chrome/145.0.0.0 Safari/537.36 Edg/145.0.0.0 (compatible; meta-externalagent/1.1 (+https://developers.facebook.com/docs/sharing/webmasters/crawler))"
57.141.2.5 - - [07/Sep/2026:12:35:15 +0000] "GET /?shop/items/S54826149943/ HTTP/2" 403 1242 "-" "Mozilla/5.0 (Windows NT 10.0; Win64; x64) AppleWebKit/537.36 (KHTML, like Gecko) Chrome/145.0.0.0 Safari/537.36 (compatible; meta-externalagent/1.1 (+https://developers.facebook.com/docs/sharing/webmasters/crawler))"
66.249.77.9 - - [07/Sep/2026:12:35:14 +0000] "GET /detail.php?y=88814411 HTTP/1.1" 200 23955 "-" "Mozilla/5.0 (Linux; Android 6.0.1; Nexus 5X Build/MMB29P) AppleWebKit/537.36 (KHTML, like Gecko) Chrome/151.0.7922.173 Mobile Safari/537.36 (compatible; Googlebot/2.1; +http://www.google.com/bot.html)"
57.141.2.1 - - [07/Sep/2026:12:35:17 +0000] "GET /?shop/items/S54826167354/ HTTP/2" 403 1242 "-" "Mozilla/5.0 (Windows NT 10.0; Win64; x64) AppleWebKit/537.36 (KHTML, like Gecko) Chrome/145.0.0.0 Safari/537.36 (compatible; meta-externalagent/1.1 (+https://developers.facebook.com/docs/sharing/webmasters/crawler))"
74.7.241.1 - - [07/Sep/2026:12:35:16 +0000] "GET /goods.php?detail/202009197715 HTTP/2" 200 19521 "https://joldhi.com/goods.php?detail/2020084549928" "Mozilla/5.0 AppleWebKit/537.36 (KHTML, like Gecko; compatible; GPTBot/1.4; +https://openai.com/gptbot)"
57.141.2.43 - - [07/Sep/2026:12:35:25 +0000] "GET /?shop/items/X17469119519/ HTTP/2" 403 1242 "-" "Mozilla/5.0 (Windows NT 10.0; Win64; x64) AppleWebKit/537.36 (KHTML, like Gecko) Chrome/145.0.0.0 Safari/537.36 (compatible; meta-externalagent/1.1 (+https://developers.facebook.com/docs/sharing/webmasters/crawler))"
74.7.241.1 - - [07/Sep/2026:12:35:25 +0000] "GET /goods.php?tuzukiya-i287-1414 HTTP/2" 200 21517 "https://joldhi.com/goods.php?detail/1710273527129" "Mozilla/5.0 AppleWebKit/537.36 (KHTML, like Gecko; compatible; GPTBot/1.4; +https://openai.com/gptbot)"
74.7.241.1 - - [07/Sep/2026:12:35:28 +0000] "GET /goods.php?setubi-fy-32bs7-85 HTTP/2" 200 19849 "https://joldhi.com/goods.php?detail/1730050307978" "Mozilla/5.0 AppleWebKit/537.36 (KHTML, like Gecko; compatible; GPTBot/1.4; +https://openai.com/gptbot)"
74.7.241.1 - - [07/Sep/2026:12:35:31 +0000] "GET /goods.php?detail/020002811299 HTTP/2" 200 19655 "https://joldhi.com/goods.php?detail/1490338332038" "Mozilla/5.0 AppleWebKit/537.36 (KHTML, like Gecko; compatible; GPTBot/1.4; +https://openai.com/gptbot)"
74.7.241.1 - - [07/Sep/2026:12:35:33 +0000] "GET /goods.php?detail/048007100028 HTTP/2" 200 20291 "https://joldhi.com/goods.php?detail/0480078194947" "Mozilla/5.0 AppleWebKit/537.36 (KHTML, like Gecko; compatible; GPTBot/1.4; +https://openai.com/gptbot)"
57.141.2.20 - - [07/Sep/2026:12:35:35 +0000] "GET /?shop/items/Z95133128089/ HTTP/2" 403 1242 "-" "Mozilla/5.0 (Windows NT 10.0; Win64; x64) AppleWebKit/537.36 (KHTML, like Gecko) Chrome/145.0.0.0 Safari/537.36 (compatible; meta-externalagent/1.1 (+https://developers.facebook.com/docs/sharing/webmasters/crawler))"
74.7.241.1 - - [07/Sep/2026:12:35:36 +0000] "GET /goods.php?tuzukiya-i287-1386 HTTP/2" 200 20759 "https://joldhi.com/goods.php?detail/1710273718857" "Mozilla/5.0 AppleWebKit/537.36 (KHTML, like Gecko; compatible; GPTBot/1.4; +https://openai.com/gptbot)"
66.249.77.9 - - [07/Sep/2026:12:35:38 +0000] "GET /detail.php?z=3213519338 HTTP/1.1" 200 24272 "-" "Mozilla/5.0 (Linux; Android 6.0.1; Nexus 5X Build/MMB29P) AppleWebKit/537.36 (KHTML, like Gecko) Chrome/151.0.7922.173 Mobile Safari/537.36 (compatible; Googlebot/2.1; +http://www.google.com/bot.html)"
85.208.96.205 - - [07/Sep/2026:12:35:39 +0000] "GET /?shop%2Fitems%2FX1746966470%2F HTTP/1.1" 200 2664 "-" "Mozilla/5.0 (compatible; SemrushBot/7~bl; +http://www.semrush.com/bot.html)"
57.141.2.5 - - [07/Sep/2026:12:35:40 +0000] "GET /?shop/items/T37251226086/ HTTP/2" 403 1242 "-" "Mozilla/5.0 (X11; Linux x86_64) AppleWebKit/537.36 (KHTML, like Gecko) Chrome/145.0.0.0 Safari/537.36 (compatible; meta-externalagent/1.1 (+https://developers.facebook.com/docs/sharing/webmasters/crawler))"
66.249.71.67 - - [07/Sep/2026:12:35:21 +0000] "GET /detail.php?z=3213519033 HTTP/1.1" 200 23360 "-" "Mozilla/5.0 (Linux; Android 6.0.1; Nexus 5X Build/MMB29P) AppleWebKit/537.36 (KHTML, like Gecko) Chrome/151.0.7922.173 Mobile Safari/537.36 (compatible; Googlebot/2.1; +http://www.google.com/bot.html)"
57.141.2.51 - - [07/Sep/2026:12:35:23 +0000] "GET /?shop/items/T3725185984/ HTTP/2" 403 1242 "-" "Mozilla/5.0 (Windows NT 10.0; Win64; x64) AppleWebKit/537.36 (KHTML, like Gecko) Chrome/145.0.0.0 Safari/537.36 Edg/145.0.0.0 (compatible; meta-externalagent/1.1 (+https://developers.facebook.com/docs/sharing/webmasters/crawler))"
57.141.2.28 - - [07/Sep/2026:12:35:27 +0000] "GET /?shop/items/Q46114227930/ HTTP/2" 403 1242 "-" "Mozilla/5.0 (Macintosh; Intel Mac OS X 10_15_7) AppleWebKit/537.36 (KHTML, like Gecko) Chrome/145.0.0.0 Safari/537.36 (compatible; meta-externalagent/1.1 (+https://developers.facebook.com/docs/sharing/webmasters/crawler))"
66.249.77.9 - - [07/Sep/2026:12:35:27 +0000] "GET /detail.php?e=28188197717 HTTP/1.1" 200 24102 "-" "Mozilla/5.0 (Linux; Android 6.0.1; Nexus 5X Build/MMB29P) AppleWebKit/537.36 (KHTML, like Gecko) Chrome/151.0.7922.173 Mobile Safari/537.36 (compatible; Googlebot/2.1; +http://www.google.com/bot.html)"
57.141.2.67 - - [07/Sep/2026:12:35:30 +0000] "GET /?shop/items/T37251209619/ HTTP/2" 403 1242 "-" "Mozilla/5.0 (Windows NT 10.0; Win64; x64) AppleWebKit/537.36 (KHTML, like Gecko) Chrome/145.0.0.0 Safari/537.36 (compatible; meta-externalagent/1.1 (+https://developers.facebook.com/docs/sharing/webmasters/crawler))"
57.141.2.20 - - [07/Sep/2026:12:35:30 +0000] "GET /?shop/items/Q4611423338/ HTTP/2" 403 1242 "-" "Mozilla/5.0 (Macintosh; Intel Mac OS X 10_15_7) AppleWebKit/537.36 (KHTML, like Gecko) Chrome/145.0.0.0 Safari/537.36 (compatible; meta-externalagent/1.1 (+https://developers.facebook.com/docs/sharing/webmasters/crawler))"
57.141.2.1 - - [07/Sep/2026:12:35:33 +0000] "GET /?shop/items/R8815776755/ HTTP/2" 403 1242 "-" "Mozilla/5.0 (Macintosh; Intel Mac OS X 10_15_7) AppleWebKit/537.36 (KHTML, like Gecko) Chrome/145.0.0.0 Safari/537.36 (compatible; meta-externalagent/1.1 (+https://developers.facebook.com/docs/sharing/webmasters/crawler))"
57.141.2.28 - - [07/Sep/2026:12:35:37 +0000] "GET /?shop/items/J2764744363/ HTTP/2" 403 1242 "-" "Mozilla/5.0 (Windows NT 10.0; Win64; x64) AppleWebKit/537.36 (KHTML, like Gecko) Chrome/145.0.0.0 Safari/537.36 (compatible; meta-externalagent/1.1 (+https://developers.facebook.com/docs/sharing/webmasters/crawler))"
57.141.2.40 - - [07/Sep/2026:12:35:41 +0000] "GET /?shop/items/L8705953290/ HTTP/2" 403 1242 "-" "Mozilla/5.0 (Macintosh; Intel Mac OS X 10_15_7) AppleWebKit/537.36 (KHTML, like Gecko) Chrome/145.0.0.0 Safari/537.36 (compatible; meta-externalagent/1.1 (+https://developers.facebook.com/docs/sharing/webmasters/crawler))"
57.141.0.23 - - [07/Sep/2026:12:35:41 +0000] "GET / HTTP/2" 200 2664 "-" "facebookexternalhit/1.1 (+http://www.facebook.com/externalhit_uatext.php)"
57.141.2.13 - - [07/Sep/2026:12:35:43 +0000] "GET /?shop/items/J27647140836/ HTTP/2" 403 1242 "-" "Mozilla/5.0 (Windows NT 10.0; Win64; x64) AppleWebKit/537.36 (KHTML, like Gecko) Chrome/145.0.0.0 Safari/537.36 (compatible; meta-externalagent/1.1 (+https://developers.facebook.com/docs/sharing/webmasters/crawler))"
57.141.2.2 - - [07/Sep/2026:12:35:45 +0000] "GET /?shop/items/J2764790450/ HTTP/2" 403 1242 "-" "Mozilla/5.0 (Windows NT 10.0; Win64; x64) AppleWebKit/537.36 (KHTML, like Gecko) Chrome/145.0.0.0 Safari/537.36 (compatible; meta-externalagent/1.1 (+https://developers.facebook.com/docs/sharing/webmasters/crawler))"
185.191.171.3 - - [07/Sep/2026:12:35:51 +0000] "GET /?shop%2Fitems%2FZ9513388354%2F HTTP/1.1" 200 2664 "-" "Mozilla/5.0 (compatible; SemrushBot/7~bl; +http://www.semrush.com/bot.html)"
74.7.241.1 - - [07/Sep/2026:12:35:38 +0000] "GET /goods.php?detail/005015602608 HTTP/2" 200 18850 "https://joldhi.com/goods.php?detail/079006176211" "Mozilla/5.0 AppleWebKit/537.36 (KHTML, like Gecko; compatible; GPTBot/1.4; +https://openai.com/gptbot)"
74.7.241.1 - - [07/Sep/2026:12:35:42 +0000] "GET /goods.php?detail/131036711201 HTTP/2" 200 19943 "https://joldhi.com/goods.php?detail/1490338332038" "Mozilla/5.0 AppleWebKit/537.36 (KHTML, like Gecko; compatible; GPTBot/1.4; +https://openai.com/gptbot)"
57.141.2.75 - - [07/Sep/2026:12:35:47 +0000] "GET /?shop/items/H73795205934/ HTTP/2" 403 1242 "-" "Mozilla/5.0 (Macintosh; Intel Mac OS X 10_15_7) AppleWebKit/537.36 (KHTML, like Gecko) Chrome/145.0.0.0 Safari/537.36 (compatible; meta-externalagent/1.1 (+https://developers.facebook.com/docs/sharing/webmasters/crawler))"
74.7.241.1 - - [07/Sep/2026:12:35:46 +0000] "GET /goods.php?detail/046040615172 HTTP/2" 200 20462 "https://joldhi.com/goods.php?detail/1710273718857" "Mozilla/5.0 AppleWebKit/537.36 (KHTML, like Gecko; compatible; GPTBot/1.4; +https://openai.com/gptbot)"
57.141.2.8 - - [07/Sep/2026:12:35:49 +0000] "GET /?shop/items/Q46114222826/ HTTP/2" 403 1242 "-" "Mozilla/5.0 (Windows NT 10.0; Win64; x64) AppleWebKit/537.36 (KHTML, like Gecko) Chrome/145.0.0.0 Safari/537.36 (compatible; meta-externalagent/1.1 (+https://developers.facebook.com/docs/sharing/webmasters/crawler))"
57.141.2.19 - - [07/Sep/2026:12:35:50 +0000] "GET /?shop/items/S5482687944/ HTTP/2" 403 1242 "-" "Mozilla/5.0 (Windows NT 10.0; Win64; x64) AppleWebKit/537.36 (KHTML, like Gecko) Chrome/145.0.0.0 Safari/537.36 (compatible; meta-externalagent/1.1 (+https://developers.facebook.com/docs/sharing/webmasters/crawler))"
74.7.241.1 - - [07/Sep/2026:12:35:48 +0000] "GET /goods.php?tuzukiya-k131-0054 HTTP/2" 200 23175 "https://joldhi.com/goods.php?detail/202009204452" "Mozilla/5.0 AppleWebKit/537.36 (KHTML, like Gecko; compatible; GPTBot/1.4; +https://openai.com/gptbot)"
57.141.2.28 - - [07/Sep/2026:12:35:53 +0000] "GET /?shop/items/A22412195953/ HTTP/2" 403 1242 "-" "Mozilla/5.0 (Windows NT 10.0; Win64; x64) AppleWebKit/537.36 (KHTML, like Gecko) Chrome/145.0.0.0 Safari/537.36 (compatible; meta-externalagent/1.1 (+https://developers.facebook.com/docs/sharing/webmasters/crawler))"
74.7.241.1 - - [07/Sep/2026:12:35:51 +0000] "GET /goods.php?nanshindo-j895270 HTTP/2" 200 19954 "https://joldhi.com/goods.php?detail/2480024979074" "Mozilla/5.0 AppleWebKit/537.36 (KHTML, like Gecko; compatible; GPTBot/1.4; +https://openai.com/gptbot)"
57.141.2.70 - - [07/Sep/2026:12:35:56 +0000] "GET /?shop/items/R88157152782/ HTTP/2" 403 1242 "-" "Mozilla/5.0 (Windows NT 10.0; Win64; x64) AppleWebKit/537.36 (KHTML, like Gecko) Chrome/145.0.0.0 Safari/537.36 Edg/145.0.0.0 (compatible; meta-externalagent/1.1 (+https://developers.facebook.com/docs/sharing/webmasters/crawler))"
74.7.241.1 - - [07/Sep/2026:12:35:54 +0000] "GET /goods.php?detail/068049113264 HTTP/2" 200 22460 "https://joldhi.com/goods.php?detail/079006176211" "Mozilla/5.0 AppleWebKit/537.36 (KHTML, like Gecko; compatible; GPTBot/1.4; +https://openai.com/gptbot)"
185.191.171.1 - - [07/Sep/2026:12:35:58 +0000] "GET /?shop%2Fitems%2FZ9513347246%2F HTTP/1.1" 200 2664 "-" "Mozilla/5.0 (compatible; SemrushBot/7~bl; +http://www.semrush.com/bot.html)"
185.191.171.1 - - [07/Sep/2026:12:36:01 +0000] "GET /?shop%2Fitems%2FX1746922322%2F HTTP/1.1" 200 2664 "-" "Mozilla/5.0 (compatible; SemrushBot/7~bl; +http://www.semrush.com/bot.html)"
74.7.241.1 - - [07/Sep/2026:12:35:58 +0000] "GET /goods.php?detail/079009574693 HTTP/2" 200 19831 "https://joldhi.com/goods.php?detail/0510320364101" "Mozilla/5.0 AppleWebKit/537.36 (KHTML, like Gecko; compatible; GPTBot/1.4; +https://openai.com/gptbot)"
57.141.2.28 - - [07/Sep/2026:12:36:02 +0000] "GET /?shop/items/T37251117097/ HTTP/2" 403 1242 "-" "Mozilla/5.0 (Macintosh; Intel Mac OS X 10_15_7) AppleWebKit/537.36 (KHTML, like Gecko) Chrome/145.0.0.0 Safari/537.36 (compatible; meta-externalagent/1.1 (+https://developers.facebook.com/docs/sharing/webmasters/crawler))"
57.141.2.77 - - [07/Sep/2026:12:35:55 +0000] "GET /?shop/items/A2241255184/ HTTP/2" 403 1242 "-" "Mozilla/5.0 (X11; Linux x86_64) AppleWebKit/537.36 (KHTML, like Gecko) Chrome/145.0.0.0 Safari/537.36 (compatible; meta-externalagent/1.1 (+https://developers.facebook.com/docs/sharing/webmasters/crawler))"
57.141.2.44 - - [07/Sep/2026:12:35:59 +0000] "GET /?shop/items/R88157188978/ HTTP/2" 403 1242 "-" "Mozilla/5.0 (Windows NT 10.0; Win64; x64) AppleWebKit/537.36 (KHTML, like Gecko) Chrome/145.0.0.0 Safari/537.36 (compatible; meta-externalagent/1.1 (+https://developers.facebook.com/docs/sharing/webmasters/crawler))"
185.191.171.1 - - [07/Sep/2026:12:36:03 +0000] "GET /?shop%2Fitems%2FL870592737%2F HTTP/1.1" 200 2663 "-" "Mozilla/5.0 (compatible; SemrushBot/7~bl; +http://www.semrush.com/bot.html)"
66.249.77.10 - - [07/Sep/2026:12:36:03 +0000] "GET /detail.php?e=65368171051 HTTP/1.1" 200 23825 "-" "Mozilla/5.0 (Linux; Android 6.0.1; Nexus 5X Build/MMB29P) AppleWebKit/537.36 (KHTML, like Gecko) Chrome/151.0.7922.173 Mobile Safari/537.36 (compatible; Googlebot/2.1; +http://www.google.com/bot.html)"
57.141.2.18 - - [07/Sep/2026:12:36:05 +0000] "GET /?shop/items/T37251246711/ HTTP/2" 403 1242 "-" "Mozilla/5.0 (Macintosh; Intel Mac OS X 10_15_7) AppleWebKit/537.36 (KHTML, like Gecko) Chrome/145.0.0.0 Safari/537.36 (compatible; meta-externalagent/1.1 (+https://developers.facebook.com/docs/sharing/webmasters/crawler))"
66.249.77.9 - - [07/Sep/2026:12:36:05 +0000] "GET /detail.php?s=7440433947 HTTP/1.1" 200 23887 "-" "Mozilla/5.0 (Linux; Android 6.0.1; Nexus 5X Build/MMB29P) AppleWebKit/537.36 (KHTML, like Gecko) Chrome/151.0.7922.173 Mobile Safari/537.36 (compatible; Googlebot/2.1; +http://www.google.com/bot.html)"
85.208.96.205 - - [07/Sep/2026:12:36:09 +0000] "GET /?shop%2Fitems%2FZ9513359237%2F HTTP/1.1" 200 2660 "-" "Mozilla/5.0 (compatible; SemrushBot/7~bl; +http://www.semrush.com/bot.html)"
66.249.71.67 - - [07/Sep/2026:12:36:09 +0000] "GET /detail.php?=180299 HTTP/1.1" 200 24417 "-" "Mozilla/5.0 (Linux; Android 6.0.1; Nexus 5X Build/MMB29P) AppleWebKit/537.36 (KHTML, like Gecko) Chrome/151.0.7922.173 Mobile Safari/537.36 (compatible; Googlebot/2.1; +http://www.google.com/bot.html)"
57.141.2.43 - - [07/Sep/2026:12:36:13 +0000] "GET /?shop/items/S54826129618/ HTTP/2" 403 1242 "-" "Mozilla/5.0 (Windows NT 10.0; Win64; x64) AppleWebKit/537.36 (KHTML, like Gecko) Chrome/145.0.0.0 Safari/537.36 (compatible; meta-externalagent/1.1 (+https://developers.facebook.com/docs/sharing/webmasters/crawler))"
66.249.77.9 - - [07/Sep/2026:12:36:14 +0000] "GET /detail.php?e=2818851993 HTTP/1.1" 200 23608 "-" "Mozilla/5.0 (Linux; Android 6.0.1; Nexus 5X Build/MMB29P) AppleWebKit/537.36 (KHTML, like Gecko) Chrome/151.0.7922.173 Mobile Safari/537.36 (compatible; Googlebot/2.1; +http://www.google.com/bot.html)"
85.208.96.210 - - [07/Sep/2026:12:36:19 +0000] "GET /?shop%2Fitems%2FZ9513337087%2F HTTP/1.1" 200 2661 "-" "Mozilla/5.0 (compatible; SemrushBot/7~bl; +http://www.semrush.com/bot.html)"
57.141.2.19 - - [07/Sep/2026:12:36:19 +0000] "GET /?shop/items/J2764781316/ HTTP/2" 403 1242 "-" "Mozilla/5.0 (Macintosh; Intel Mac OS X 10_15_7) AppleWebKit/537.36 (KHTML, like Gecko) Chrome/145.0.0.0 Safari/537.36 (compatible; meta-externalagent/1.1 (+https://developers.facebook.com/docs/sharing/webmasters/crawler))"
66.249.71.67 - - [07/Sep/2026:12:36:19 +0000] "GET /detail.php?t=71337281255 HTTP/1.1" 200 23886 "-" "Mozilla/5.0 (Linux; Android 6.0.1; Nexus 5X Build/MMB29P) AppleWebKit/537.36 (KHTML, like Gecko) Chrome/151.0.7922.173 Mobile Safari/537.36 (compatible; Googlebot/2.1; +http://www.google.com/bot.html)"
57.141.2.30 - - [07/Sep/2026:12:36:22 +0000] "GET /?shop/items/Q46114104183/ HTTP/2" 403 1242 "-" "Mozilla/5.0 (X11; Ubuntu; Linux x86_64; rv:147.0) Gecko/20100101 Firefox/147.0 (compatible; meta-externalagent/1.1 (+https://developers.facebook.com/docs/sharing/webmasters/crawler))"
57.141.2.50 - - [07/Sep/2026:12:36:04 +0000] "GET /?shop/items/J27647130245/ HTTP/2" 403 1242 "-" "Mozilla/5.0 (Macintosh; Intel Mac OS X 10_15_7) AppleWebKit/537.36 (KHTML, like Gecko) Chrome/145.0.0.0 Safari/537.36 (compatible; meta-externalagent/1.1 (+https://developers.facebook.com/docs/sharing/webmasters/crawler))"
57.141.2.75 - - [07/Sep/2026:12:36:07 +0000] "GET /?shop/items/Z95133216046/ HTTP/2" 403 1242 "-" "Mozilla/5.0 (Windows NT 10.0; Win64; x64) AppleWebKit/537.36 (KHTML, like Gecko) Chrome/144.0.0.0 Safari/537.36 Edg/144.0.0.0 (compatible; meta-externalagent/1.1 (+https://developers.facebook.com/docs/sharing/webmasters/crawler))"
57.141.2.6 - - [07/Sep/2026:12:36:09 +0000] "GET /?shop/items/J2764719689/ HTTP/2" 403 1242 "-" "Mozilla/5.0 (Windows NT 10.0; Win64; x64) AppleWebKit/537.36 (KHTML, like Gecko) Chrome/145.0.0.0 Safari/537.36 Edg/145.0.0.0 (compatible; meta-externalagent/1.1 (+https://developers.facebook.com/docs/sharing/webmasters/crawler))"
74.7.241.1 - - [07/Sep/2026:12:36:01 +0000] "GET /goods.php?detail/0790031010172 HTTP/2" 200 20698 "https://joldhi.com/goods.php?detail/079006176211" "Mozilla/5.0 AppleWebKit/537.36 (KHTML, like Gecko; compatible; GPTBot/1.4; +https://openai.com/gptbot)"
57.141.2.18 - - [07/Sep/2026:12:36:11 +0000] "GET /?shop/items/L8705988034/ HTTP/2" 403 1242 "-" "Mozilla/5.0 (X11; Linux x86_64) AppleWebKit/537.36 (KHTML, like Gecko) Chrome/145.0.0.0 Safari/537.36 (compatible; meta-externalagent/1.1 (+https://developers.facebook.com/docs/sharing/webmasters/crawler))"
74.7.241.1 - - [07/Sep/2026:12:36:11 +0000] "GET /goods.php?detail/056049557156 HTTP/2" 200 19671 "https://joldhi.com/goods.php?detail/020002811299" "Mozilla/5.0 AppleWebKit/537.36 (KHTML, like Gecko; compatible; GPTBot/1.4; +https://openai.com/gptbot)"
66.249.77.10 - - [07/Sep/2026:12:36:12 +0000] "GET /detail.php?s=74404245353 HTTP/1.1" 200 23445 "-" "Mozilla/5.0 (Linux; Android 6.0.1; Nexus 5X Build/MMB29P) AppleWebKit/537.36 (KHTML, like Gecko) Chrome/151.0.7922.173 Mobile Safari/537.36 (compatible; Googlebot/2.1; +http://www.google.com/bot.html)"
57.141.2.7 - - [07/Sep/2026:12:36:15 +0000] "GET /?shop/items/H7379535998/ HTTP/2" 403 1242 "-" "Mozilla/5.0 (Windows NT 10.0; Win64; x64) AppleWebKit/537.36 (KHTML, like Gecko) Chrome/145.0.0.0 Safari/537.36 (compatible; meta-externalagent/1.1 (+https://developers.facebook.com/docs/sharing/webmasters/crawler))"
66.249.71.1 - - [07/Sep/2026:12:36:17 +0000] "GET /?shop/items/Z9513386780/ HTTP/1.1" 200 2291 "-" "Mozilla/5.0 (Linux; Android 6.0.1; Nexus 5X Build/MMB29P) AppleWebKit/537.36 (KHTML, like Gecko) Chrome/151.0.7922.173 Mobile Safari/537.36 (compatible; Googlebot/2.1; +http://www.google.com/bot.html)"
57.141.2.69 - - [07/Sep/2026:12:36:17 +0000] "GET /?shop/items/H73795214610/ HTTP/2" 403 1242 "-" "Mozilla/5.0 (Windows NT 10.0; Win64; x64) AppleWebKit/537.36 (KHTML, like Gecko) Chrome/145.0.0.0 Safari/537.36 (compatible; meta-externalagent/1.1 (+https://developers.facebook.com/docs/sharing/webmasters/crawler))"
74.7.241.1 - - [07/Sep/2026:12:36:14 +0000] "GET /goods.php?mc-harajuku-set358755 HTTP/2" 200 20185 "https://joldhi.com/goods.php?detail/048007100028" "Mozilla/5.0 AppleWebKit/537.36 (KHTML, like Gecko; compatible; GPTBot/1.4; +https://openai.com/gptbot)"
74.7.241.1 - - [07/Sep/2026:12:36:20 +0000] "GET /goods.php?haikanshop-yz-056484 HTTP/2" 200 19877 "https://joldhi.com/goods.php?detail/020002811299" "Mozilla/5.0 AppleWebKit/537.36 (KHTML, like Gecko; compatible; GPTBot/1.4; +https://openai.com/gptbot)"
74.7.241.1 - - [07/Sep/2026:12:36:22 +0000] "GET /goods.php?detail/0230043352391 HTTP/2" 200 19990 "https://joldhi.com/goods.php?detail/2480024979074" "Mozilla/5.0 AppleWebKit/537.36 (KHTML, like Gecko; compatible; GPTBot/1.4; +https://openai.com/gptbot)"
57.141.2.65 - - [07/Sep/2026:12:36:26 +0000] "GET /?shop/items/X1746974464/ HTTP/2" 403 1242 "-" "Mozilla/5.0 (X11; Linux x86_64) AppleWebKit/537.36 (KHTML, like Gecko) Chrome/145.0.0.0 Safari/537.36 (compatible; meta-externalagent/1.1 (+https://developers.facebook.com/docs/sharing/webmasters/crawler))"
57.141.2.47 - - [07/Sep/2026:12:36:27 +0000] "GET /?shop/items/T37251198867/ HTTP/2" 403 1242 "-" "Mozilla/5.0 (Windows NT 10.0; Win64; x64) AppleWebKit/537.36 (KHTML, like Gecko) Chrome/145.0.0.0 Safari/537.36 (compatible; meta-externalagent/1.1 (+https://developers.facebook.com/docs/sharing/webmasters/crawler))"
74.7.241.1 - - [07/Sep/2026:12:36:25 +0000] "GET /goods.php?goods/131017022 HTTP/2" 200 20509 "https://joldhi.com/goods.php?detail/131036711201" "Mozilla/5.0 AppleWebKit/537.36 (KHTML, like Gecko; compatible; GPTBot/1.4; +https://openai.com/gptbot)"
57.141.2.28 - - [07/Sep/2026:12:36:29 +0000] "GET /?shop/items/X17469138546/ HTTP/2" 403 1242 "-" "Mozilla/5.0 (Macintosh; Intel Mac OS X 10_15_7) AppleWebKit/537.36 (KHTML, like Gecko) Chrome/145.0.0.0 Safari/537.36 (compatible; meta-externalagent/1.1 (+https://developers.facebook.com/docs/sharing/webmasters/crawler))"
192.178.7.68 - - [07/Sep/2026:12:36:29 +0000] "GET /?shop/items/J27647133513/ HTTP/1.1" 200 2281 "-" "Mozilla/5.0 (Linux; Android 6.0.1; Nexus 5X Build/MMB29P) AppleWebKit/537.36 (KHTML, like Gecko) Chrome/151.0.7922.173 Mobile Safari/537.36 (compatible; Googlebot/2.1; +http://www.google.com/bot.html)"
74.7.241.1 - - [07/Sep/2026:12:36:28 +0000] "GET /goods.php?detail/141004511294 HTTP/2" 200 20169 "https://joldhi.com/goods.php?detail/131036711201" "Mozilla/5.0 AppleWebKit/537.36 (KHTML, like Gecko; compatible; GPTBot/1.4; +https://openai.com/gptbot)"
74.7.241.1 - - [07/Sep/2026:12:36:31 +0000] "GET /goods.php?detail/0150144046965 HTTP/2" 200 20361 "https://joldhi.com/goods.php?detail/083042909038" "Mozilla/5.0 AppleWebKit/537.36 (KHTML, like Gecko; compatible; GPTBot/1.4; +https://openai.com/gptbot)"
74.7.241.1 - - [07/Sep/2026:12:36:33 +0000] "GET /goods.php?detail/141010069210 HTTP/2" 200 21269 "https://joldhi.com/goods.php?nanshindo-j895270" "Mozilla/5.0 AppleWebKit/537.36 (KHTML, like Gecko; compatible; GPTBot/1.4; +https://openai.com/gptbot)"
192.178.7.68 - - [07/Sep/2026:12:36:35 +0000] "GET /?shop/items/L8705938554/ HTTP/1.1" 200 2286 "-" "Mozilla/5.0 (Linux; Android 6.0.1; Nexus 5X Build/MMB29P) AppleWebKit/537.36 (KHTML, like Gecko) Chrome/151.0.7922.173 Mobile Safari/537.36 (compatible; Googlebot/2.1; +http://www.google.com/bot.html)"
57.141.2.8 - - [07/Sep/2026:12:36:37 +0000] "GET /?shop/items/S54826217681/ HTTP/2" 403 1242 "-" "Mozilla/5.0 (Macintosh; Intel Mac OS X 10_15_7) AppleWebKit/537.36 (KHTML, like Gecko) Chrome/145.0.0.0 Safari/537.36 (compatible; meta-externalagent/1.1 (+https://developers.facebook.com/docs/sharing/webmasters/crawler))"
74.7.241.1 - - [07/Sep/2026:12:36:36 +0000] "GET /goods.php?detail/1720124768767 HTTP/2" 200 20565 "https://joldhi.com/goods.php?detail/161026136961" "Mozilla/5.0 AppleWebKit/537.36 (KHTML, like Gecko; compatible; GPTBot/1.4; +https://openai.com/gptbot)"
74.7.241.1 - - [07/Sep/2026:12:36:39 +0000] "GET /goods.php?goods/079008810 HTTP/2" 200 19710 "https://joldhi.com/goods.php?detail/079009574693" "Mozilla/5.0 AppleWebKit/537.36 (KHTML, like Gecko; compatible; GPTBot/1.4; +https://openai.com/gptbot)"
66.249.77.9 - - [07/Sep/2026:12:36:40 +0000] "GET /detail.php?s=74404128650 HTTP/1.1" 200 25234 "-" "Mozilla/5.0 (Linux; Android 6.0.1; Nexus 5X Build/MMB29P) AppleWebKit/537.36 (KHTML, like Gecko) Chrome/151.0.7922.173 Mobile Safari/537.36 (compatible; Googlebot/2.1; +http://www.google.com/bot.html)"
57.141.2.13 - - [07/Sep/2026:12:36:43 +0000] "GET /?shop/items/Q46114235067/ HTTP/2" 403 1242 "-" "Mozilla/5.0 (Windows NT 10.0; Win64; x64) AppleWebKit/537.36 (KHTML, like Gecko) Chrome/145.0.0.0 Safari/537.36 (compatible; meta-externalagent/1.1 (+https://developers.facebook.com/docs/sharing/webmasters/crawler))"
66.249.71.67 - - [07/Sep/2026:12:36:21 +0000] "GET /detail.php?s=74404223147 HTTP/1.1" 200 23410 "-" "Mozilla/5.0 (Linux; Android 6.0.1; Nexus 5X Build/MMB29P) AppleWebKit/537.36 (KHTML, like Gecko) Chrome/151.0.7922.173 Mobile Safari/537.36 (compatible; Googlebot/2.1; +http://www.google.com/bot.html)"
57.141.2.71 - - [07/Sep/2026:12:36:23 +0000] "GET /?shop/items/L8705919315/ HTTP/2" 403 1242 "-" "Mozilla/5.0 (X11; Linux x86_64) AppleWebKit/537.36 (KHTML, like Gecko) Chrome/145.0.0.0 Safari/537.36 (compatible; meta-externalagent/1.1 (+https://developers.facebook.com/docs/sharing/webmasters/crawler))"
66.249.77.9 - - [07/Sep/2026:12:36:25 +0000] "GET /detail.php?k=56560134213 HTTP/1.1" 200 24257 "-" "Mozilla/5.0 (Linux; Android 6.0.1; Nexus 5X Build/MMB29P) AppleWebKit/537.36 (KHTML, like Gecko) Chrome/151.0.7922.173 Mobile Safari/537.36 (compatible; Googlebot/2.1; +http://www.google.com/bot.html)"
66.249.77.9 - - [07/Sep/2026:12:36:30 +0000] "GET /detail.php?t=71337188109 HTTP/1.1" 200 23708 "-" "Mozilla/5.0 (Linux; Android 6.0.1; Nexus 5X Build/MMB29P) AppleWebKit/537.36 (KHTML, like Gecko) Chrome/151.0.7922.173 Mobile Safari/537.36 (compatible; Googlebot/2.1; +http://www.google.com/bot.html)"
57.141.2.51 - - [07/Sep/2026:12:36:32 +0000] "GET /?shop/items/X17469109616/ HTTP/2" 403 1242 "-" "Mozilla/5.0 (Macintosh; Intel Mac OS X 10_15_7) AppleWebKit/537.36 (KHTML, like Gecko) Chrome/145.0.0.0 Safari/537.36 (compatible; meta-externalagent/1.1 (+https://developers.facebook.com/docs/sharing/webmasters/crawler))"
57.141.2.43 - - [07/Sep/2026:12:36:33 +0000] "GET /?shop/items/S5482636295/ HTTP/2" 403 1242 "-" "Mozilla/5.0 (X11; Linux x86_64) AppleWebKit/537.36 (KHTML, like Gecko) Chrome/145.0.0.0 Safari/537.36 (compatible; meta-externalagent/1.1 (+https://developers.facebook.com/docs/sharing/webmasters/crawler))"
66.249.71.67 - - [07/Sep/2026:12:36:33 +0000] "GET /detail.php?k=56560193665 HTTP/1.1" 200 24463 "-" "Mozilla/5.0 (Linux; Android 6.0.1; Nexus 5X Build/MMB29P) AppleWebKit/537.36 (KHTML, like Gecko) Chrome/151.0.7922.173 Mobile Safari/537.36 (compatible; Googlebot/2.1; +http://www.google.com/bot.html)"
57.141.2.46 - - [07/Sep/2026:12:36:35 +0000] "GET /?shop/items/R88157180245/ HTTP/2" 403 1242 "-" "Mozilla/5.0 (Macintosh; Intel Mac OS X 10_15_7) AppleWebKit/537.36 (KHTML, like Gecko) Chrome/145.0.0.0 Safari/537.36 (compatible; meta-externalagent/1.1 (+https://developers.facebook.com/docs/sharing/webmasters/crawler))"
66.249.77.10 - - [07/Sep/2026:12:36:38 +0000] "GET /detail.php?s=74404191174 HTTP/1.1" 200 24708 "-" "Mozilla/5.0 (Linux; Android 6.0.1; Nexus 5X Build/MMB29P) AppleWebKit/537.36 (KHTML, like Gecko) Chrome/151.0.7922.173 Mobile Safari/537.36 (compatible; Googlebot/2.1; +http://www.google.com/bot.html)"
57.141.2.67 - - [07/Sep/2026:12:36:39 +0000] "GET /?shop/items/Z9513395307/ HTTP/2" 403 1242 "-" "Mozilla/5.0 (Windows NT 10.0; Win64; x64) AppleWebKit/537.36 (KHTML, like Gecko) Chrome/145.0.0.0 Safari/537.36 (compatible; meta-externalagent/1.1 (+https://developers.facebook.com/docs/sharing/webmasters/crawler))"
57.141.2.50 - - [07/Sep/2026:12:36:41 +0000] "GET /?shop/items/A22412120641/ HTTP/2" 403 1242 "-" "Mozilla/5.0 (Windows NT 10.0; Win64; x64) AppleWebKit/537.36 (KHTML, like Gecko) Chrome/145.0.0.0 Safari/537.36 (compatible; meta-externalagent/1.1 (+https://developers.facebook.com/docs/sharing/webmasters/crawler))"
57.141.2.37 - - [07/Sep/2026:12:36:47 +0000] "GET /?shop/items/T3725172360/ HTTP/2" 403 1242 "-" "Mozilla/5.0 (Macintosh; Intel Mac OS X 10_15_7) AppleWebKit/537.36 (KHTML, like Gecko) Chrome/145.0.0.0 Safari/537.36 (compatible; meta-externalagent/1.1 (+https://developers.facebook.com/docs/sharing/webmasters/crawler))"
66.249.71.67 - - [07/Sep/2026:12:36:50 +0000] "GET /detail.php?e=2818852694 HTTP/1.1" 200 24598 "-" "Mozilla/5.0 (Linux; Android 6.0.1; Nexus 5X Build/MMB29P) AppleWebKit/537.36 (KHTML, like Gecko) Chrome/151.0.7922.173 Mobile Safari/537.36 (compatible; Googlebot/2.1; +http://www.google.com/bot.html)"
74.7.241.1 - - [07/Sep/2026:12:36:41 +0000] "GET /goods.php?honkeya-ds-1573351 HTTP/2" 200 20931 "https://joldhi.com/goods.php?detail/079009574693" "Mozilla/5.0 AppleWebKit/537.36 (KHTML, like Gecko; compatible; GPTBot/1.4; +https://openai.com/gptbot)"
57.141.2.14 - - [07/Sep/2026:12:36:45 +0000] "GET /?shop/items/S54826147446/ HTTP/2" 403 1242 "-" "Mozilla/5.0 (Windows NT 10.0; Win64; x64) AppleWebKit/537.36 (KHTML, like Gecko) Chrome/145.0.0.0 Safari/537.36 (compatible; meta-externalagent/1.1 (+https://developers.facebook.com/docs/sharing/webmasters/crawler))"
74.7.241.1 - - [07/Sep/2026:12:36:44 +0000] "GET /goods.php?detail/079004490128 HTTP/2" 200 20513 "https://joldhi.com/goods.php?detail/0790031010172" "Mozilla/5.0 AppleWebKit/537.36 (KHTML, like Gecko; compatible; GPTBot/1.4; +https://openai.com/gptbot)"
85.208.96.199 - - [07/Sep/2026:12:36:49 +0000] "GET /?shop%2Fitems%2FZ9513375545%2F HTTP/1.1" 200 2663 "-" "Mozilla/5.0 (compatible; SemrushBot/7~bl; +http://www.semrush.com/bot.html)"
57.141.2.3 - - [07/Sep/2026:12:36:49 +0000] "GET /?shop/items/Z95133152397/ HTTP/2" 403 1242 "-" "Mozilla/5.0 (Windows NT 10.0; Win64; x64) AppleWebKit/537.36 (KHTML, like Gecko) Chrome/145.0.0.0 Safari/537.36 (compatible; meta-externalagent/1.1 (+https://developers.facebook.com/docs/sharing/webmasters/crawler))"
74.7.241.1 - - [07/Sep/2026:12:36:48 +0000] "GET /goods.php?detail/0610244200626 HTTP/2" 200 20409 "https://joldhi.com/goods.php?detail/0790031010172" "Mozilla/5.0 AppleWebKit/537.36 (KHTML, like Gecko; compatible; GPTBot/1.4; +https://openai.com/gptbot)"
57.141.2.7 - - [07/Sep/2026:12:36:53 +0000] "GET /?shop/items/Q46114115959/ HTTP/2" 403 1242 "-" "Mozilla/5.0 (Macintosh; Intel Mac OS X 10_15_7) AppleWebKit/537.36 (KHTML, like Gecko) Chrome/145.0.0.0 Safari/537.36 (compatible; meta-externalagent/1.1 (+https://developers.facebook.com/docs/sharing/webmasters/crawler))"
74.7.241.1 - - [07/Sep/2026:12:36:50 +0000] "GET /goods.php?wolfmanbrs-wo-p-208g HTTP/2" 200 21844 "https://joldhi.com/goods.php?mc-harajuku-set358755" "Mozilla/5.0 AppleWebKit/537.36 (KHTML, like Gecko; compatible; GPTBot/1.4; +https://openai.com/gptbot)"
74.7.241.1 - - [07/Sep/2026:12:36:54 +0000] "GET /goods.php?detail/0230055200243 HTTP/2" 200 22207 "https://joldhi.com/goods.php?detail/0230043352391" "Mozilla/5.0 AppleWebKit/537.36 (KHTML, like Gecko; compatible; GPTBot/1.4; +https://openai.com/gptbot)"
57.141.2.48 - - [07/Sep/2026:12:36:59 +0000] "GET /?shop/items/A2241286047/ HTTP/2" 403 1242 "-" "Mozilla/5.0 (Windows NT 10.0; Win64; x64) AppleWebKit/537.36 (KHTML, like Gecko) Chrome/145.0.0.0 Safari/537.36 (compatible; meta-externalagent/1.1 (+https://developers.facebook.com/docs/sharing/webmasters/crawler))"
57.141.2.47 - - [07/Sep/2026:12:37:01 +0000] "GET /?shop/items/X17469162027/ HTTP/2" 403 1242 "-" "Mozilla/5.0 (Macintosh; Intel Mac OS X 10_15_7) AppleWebKit/537.36 (KHTML, like Gecko) Chrome/145.0.0.0 Safari/537.36 (compatible; meta-externalagent/1.1 (+https://developers.facebook.com/docs/sharing/webmasters/crawler))"
66.249.71.67 - - [07/Sep/2026:12:37:03 +0000] "GET /detail.php?e=65368127616 HTTP/1.1" 200 24148 "-" "Mozilla/5.0 (Linux; Android 6.0.1; Nexus 5X Build/MMB29P) AppleWebKit/537.36 (KHTML, like Gecko) Chrome/151.0.7922.173 Mobile Safari/537.36 (compatible; Googlebot/2.1; +http://www.google.com/bot.html)"
74.7.241.1 - - [07/Sep/2026:12:36:57 +0000] "GET /goods.php?detail/238008218785 HTTP/2" 200 19742 "https://joldhi.com/goods.php?detail/079009574693" "Mozilla/5.0 AppleWebKit/537.36 (KHTML, like Gecko; compatible; GPTBot/1.4; +https://openai.com/gptbot)"
57.141.2.56 - - [07/Sep/2026:12:37:07 +0000] "GET /?shop/items/S5482645185/ HTTP/2" 403 1242 "-" "Mozilla/5.0 (Windows NT 10.0; Win64; x64) AppleWebKit/537.36 (KHTML, like Gecko) Chrome/145.0.0.0 Safari/537.36 Edg/145.0.0.0 (compatible; meta-externalagent/1.1 (+https://developers.facebook.com/docs/sharing/webmasters/crawler))"
57.141.2.6 - - [07/Sep/2026:12:36:51 +0000] "GET /?shop/items/H7379529433/ HTTP/2" 403 1242 "-" "Mozilla/5.0 (Macintosh; Intel Mac OS X 10_15_7) AppleWebKit/537.36 (KHTML, like Gecko) Chrome/145.0.0.0 Safari/537.36 (compatible; meta-externalagent/1.1 (+https://developers.facebook.com/docs/sharing/webmasters/crawler))"
57.141.2.40 - - [07/Sep/2026:12:36:55 +0000] "GET /?shop/items/H73795140119/ HTTP/2" 403 1242 "-" "Mozilla/5.0 (X11; Linux x86_64) AppleWebKit/537.36 (KHTML, like Gecko) Chrome/145.0.0.0 Safari/537.36 (compatible; meta-externalagent/1.1 (+https://developers.facebook.com/docs/sharing/webmasters/crawler))"
66.249.77.9 - - [07/Sep/2026:12:36:55 +0000] "GET /detail.php?t=71337253748 HTTP/1.1" 200 23984 "-" "Mozilla/5.0 (Linux; Android 6.0.1; Nexus 5X Build/MMB29P) AppleWebKit/537.36 (KHTML, like Gecko) Chrome/151.0.7922.173 Mobile Safari/537.36 (compatible; Googlebot/2.1; +http://www.google.com/bot.html)"
57.141.2.1 - - [07/Sep/2026:12:36:57 +0000] "GET /?shop/items/H73795198149/ HTTP/2" 403 1242 "-" "Mozilla/5.0 (X11; Linux x86_64) AppleWebKit/537.36 (KHTML, like Gecko) Chrome/145.0.0.0 Safari/537.36 (compatible; meta-externalagent/1.1 (+https://developers.facebook.com/docs/sharing/webmasters/crawler))"
66.249.77.10 - - [07/Sep/2026:12:36:58 +0000] "GET /detail.php?k=56560176825 HTTP/1.1" 200 24243 "-" "Mozilla/5.0 (Linux; Android 6.0.1; Nexus 5X Build/MMB29P) AppleWebKit/537.36 (KHTML, like Gecko) Chrome/151.0.7922.173 Mobile Safari/537.36 (compatible; Googlebot/2.1; +http://www.google.com/bot.html)"
57.141.14.34 - - [07/Sep/2026:12:37:01 +0000] "GET / HTTP/2" 200 2623 "-" "facebookexternalhit/1.1 (+http://www.facebook.com/externalhit_uatext.php)"
66.249.77.9 - - [07/Sep/2026:12:37:01 +0000] "GET /detail.php?t=7133772304 HTTP/1.1" 200 23760 "-" "Mozilla/5.0 (Linux; Android 6.0.1; Nexus 5X Build/MMB29P) AppleWebKit/537.36 (KHTML, like Gecko) Chrome/151.0.7922.173 Mobile Safari/537.36 (compatible; Googlebot/2.1; +http://www.google.com/bot.html)"
57.141.2.20 - - [07/Sep/2026:12:37:03 +0000] "GET /?shop/items/Q4611441703/ HTTP/2" 403 1242 "-" "Mozilla/5.0 (Windows NT 10.0; Win64; x64) AppleWebKit/537.36 (KHTML, like Gecko) Chrome/145.0.0.0 Safari/537.36 (compatible; meta-externalagent/1.1 (+https://developers.facebook.com/docs/sharing/webmasters/crawler))"
57.141.2.77 - - [07/Sep/2026:12:37:05 +0000] "GET /?shop/items/X17469213790/ HTTP/2" 403 1242 "-" "Mozilla/5.0 (Macintosh; Intel Mac OS X 10_15_7) AppleWebKit/537.36 (KHTML, like Gecko) Chrome/145.0.0.0 Safari/537.36 (compatible; meta-externalagent/1.1 (+https://developers.facebook.com/docs/sharing/webmasters/crawler))"
57.141.2.43 - - [07/Sep/2026:12:37:09 +0000] "GET /?shop/items/S54826244594/ HTTP/2" 403 1242 "-" "Mozilla/5.0 (Windows NT 10.0; Win64; x64) AppleWebKit/537.36 (KHTML, like Gecko) Chrome/145.0.0.0 Safari/537.36 (compatible; meta-externalagent/1.1 (+https://developers.facebook.com/docs/sharing/webmasters/crawler))"
57.141.2.23 - - [07/Sep/2026:12:37:11 +0000] "GET /?shop/items/A2241251778/ HTTP/2" 403 1242 "-" "Mozilla/5.0 (Windows NT 10.0; Win64; x64) AppleWebKit/537.36 (KHTML, like Gecko) Chrome/145.0.0.0 Safari/537.36 (compatible; meta-externalagent/1.1 (+https://developers.facebook.com/docs/sharing/webmasters/crawler))"
