74.7.227.36 - - [07/Sep/2026:19:33:15 +0000] "GET /buy.php?detail/218019959100 HTTP/2" 200 36611 "https://mukutpublications.com/buy.php?detail/27704228574576" "Mozilla/5.0 AppleWebKit/537.36 (KHTML, like Gecko; compatible; GPTBot/1.4; +https://openai.com/gptbot)"
74.7.227.36 - - [07/Sep/2026:19:33:18 +0000] "GET /buy.php?detail/11104228237172 HTTP/2" 200 35284 "https://mukutpublications.com/buy.php?detail/27704228574576" "Mozilla/5.0 AppleWebKit/537.36 (KHTML, like Gecko; compatible; GPTBot/1.4; +https://openai.com/gptbot)"
101.32.194.212 - - [07/Sep/2026:19:33:25 +0000] "POST /wp-login.php HTTP/1.1" 200 14023 "https://mukutpublications.com/wp-login.php" "Mozilla/5.0 (Windows NT 10.0; Win64; x64) AppleWebKit/537.36 (KHTML, like Gecko) Chrome/124.0.0.0 Safari/537.36"
74.7.227.36 - - [07/Sep/2026:19:33:22 +0000] "GET /buy.php?detail/30002462869612 HTTP/2" 200 36584 "https://mukutpublications.com/buy.php?detail/30001359307572" "Mozilla/5.0 AppleWebKit/537.36 (KHTML, like Gecko; compatible; GPTBot/1.4; +https://openai.com/gptbot)"
74.7.227.36 - - [07/Sep/2026:19:33:27 +0000] "GET /buy.php?detail/18204214070412 HTTP/2" 200 39069 "https://mukutpublications.com/buy.php?detail/30001359307572" "Mozilla/5.0 AppleWebKit/537.36 (KHTML, like Gecko; compatible; GPTBot/1.4; +https://openai.com/gptbot)"
74.7.227.36 - - [07/Sep/2026:19:33:31 +0000] "GET /buy.php?detail/27704111159898 HTTP/2" 200 37753 "https://mukutpublications.com/buy.php?detail/27704228574576" "Mozilla/5.0 AppleWebKit/537.36 (KHTML, like Gecko; compatible; GPTBot/1.4; +https://openai.com/gptbot)"
51.79.230.26 - - [07/Sep/2026:19:27:03 +0000] "POST /wp-cron.php?doing_wp_cron=1788809223.1579589843750000000000 HTTP/1.1" 403 1242 "-" "WordPress/7.1; https://mukutpublications.com"
216.73.216.221 - - [07/Sep/2026:19:27:11 +0000] "GET /robots.txt HTTP/2" 200 107 "-" "Mozilla/5.0 AppleWebKit/537.36 (KHTML, like Gecko; compatible; ClaudeBot/1.0; +claudebot@anthropic.com)"
216.73.216.221 - - [07/Sep/2026:19:27:12 +0000] "GET / HTTP/2" 200 13937 "-" "Mozilla/5.0 AppleWebKit/537.36 (KHTML, like Gecko; compatible; ClaudeBot/1.0; +claudebot@anthropic.com)"
216.73.216.221 - - [07/Sep/2026:19:27:12 +0000] "GET /buy.php HTTP/2" 200 37214 "-" "Mozilla/5.0 AppleWebKit/537.36 (KHTML, like Gecko; compatible; ClaudeBot/1.0; +claudebot@anthropic.com)"
91.92.243.241 - - [07/Sep/2026:19:27:48 +0000] "POST /wp-login.php HTTP/1.1" 200 14068 "-" "Mozilla/5.0"
51.79.230.26 - - [07/Sep/2026:19:28:27 +0000] "POST /wp-cron.php?doing_wp_cron=1788809307.5282089710235595703125 HTTP/1.1" 403 1242 "-" "WordPress/7.1; https://mukutpublications.com"
101.32.194.212 - - [07/Sep/2026:19:28:27 +0000] "POST /wp-login.php HTTP/1.1" 200 14023 "https://mukutpublications.com/wp-login.php" "Mozilla/5.0 (Windows NT 10.0; Win64; x64) AppleWebKit/537.36 (KHTML, like Gecko) Chrome/124.0.0.0 Safari/537.36"
51.38.115.161 - - [07/Sep/2026:19:30:14 +0000] "POST /wp-login.php HTTP/1.1" 200 14023 "https://mukutpublications.com/wp-login.php" "Mozilla/5.0 (Windows NT 10.0; Win64; x64) AppleWebKit/537.36 (KHTML, like Gecko) Chrome/124.0.0.0 Safari/537.36"
206.189.60.220 - - [07/Sep/2026:19:30:29 +0000] "POST /wp-login.php HTTP/1.1" 200 14023 "https://mukutpublications.com/wp-login.php" "Mozilla/5.0 (Windows NT 10.0; Win64; x64) AppleWebKit/537.36 (KHTML, like Gecko) Chrome/124.0.0.0 Safari/537.36"
49.51.166.228 - - [07/Sep/2026:19:30:48 +0000] "GET / HTTP/1.1" 200 16029 "http://mukutpublications.com" "Mozilla/5.0 (iPhone; CPU iPhone OS 13_2_3 like Mac OS X) AppleWebKit/605.1.15 (KHTML, like Gecko) Version/13.0.3 Mobile/15E148 Safari/604.1"
51.79.230.26 - - [07/Sep/2026:19:32:26 +0000] "POST /wp-cron.php?doing_wp_cron=1788809546.9444808959960937500000 HTTP/1.1" 403 1242 "-" "WordPress/7.1; https://mukutpublications.com"
160.153.184.24 - - [07/Sep/2026:19:32:26 +0000] "POST /wp-login.php HTTP/1.1" 200 14023 "https://mukutpublications.com/wp-login.php" "Mozilla/5.0 (Windows NT 10.0; Win64; x64) AppleWebKit/537.36 (KHTML, like Gecko) Chrome/124.0.0.0 Safari/537.36"
91.92.243.241 - - [07/Sep/2026:19:32:41 +0000] "POST /wp-login.php HTTP/1.1" 200 14084 "-" "Mozilla/5.0"
74.7.227.36 - - [07/Sep/2026:19:33:34 +0000] "GET /buy.php?detail/27704110613302 HTTP/2" 200 37922 "https://mukutpublications.com/buy.php?detail/27704228574576" "Mozilla/5.0 AppleWebKit/537.36 (KHTML, like Gecko; compatible; GPTBot/1.4; +https://openai.com/gptbot)"
74.7.227.36 - - [07/Sep/2026:19:33:40 +0000] "GET /buy.php?detail/20901207274316 HTTP/2" 200 37711 "https://mukutpublications.com/buy.php?detail/18500176754074" "Mozilla/5.0 AppleWebKit/537.36 (KHTML, like Gecko; compatible; GPTBot/1.4; +https://openai.com/gptbot)"
74.7.227.36 - - [07/Sep/2026:19:33:42 +0000] "GET /buy.php?detail/22501061701974 HTTP/2" 200 35720 "https://mukutpublications.com/buy.php?detail/24600288192699" "Mozilla/5.0 AppleWebKit/537.36 (KHTML, like Gecko; compatible; GPTBot/1.4; +https://openai.com/gptbot)"
74.7.227.36 - - [07/Sep/2026:19:33:45 +0000] "GET /buy.php?detail/01301331594736 HTTP/2" 200 38041 "https://mukutpublications.com/buy.php?detail/24600288192699" "Mozilla/5.0 AppleWebKit/537.36 (KHTML, like Gecko; compatible; GPTBot/1.4; +https://openai.com/gptbot)"
74.7.227.36 - - [07/Sep/2026:19:33:48 +0000] "GET /buy.php?detail/24600221143412 HTTP/2" 200 36167 "https://mukutpublications.com/buy.php?detail/24600288192699" "Mozilla/5.0 AppleWebKit/537.36 (KHTML, like Gecko; compatible; GPTBot/1.4; +https://openai.com/gptbot)"
74.7.227.36 - - [07/Sep/2026:19:33:51 +0000] "GET /buy.php?detail/3000196279790 HTTP/2" 200 36204 "https://mukutpublications.com/buy.php?detail/30002482762068" "Mozilla/5.0 AppleWebKit/537.36 (KHTML, like Gecko; compatible; GPTBot/1.4; +https://openai.com/gptbot)"
74.7.227.36 - - [07/Sep/2026:19:33:53 +0000] "GET /buy.php?detail/29101227014371 HTTP/2" 200 36040 "https://mukutpublications.com/buy.php?detail/218019959100" "Mozilla/5.0 AppleWebKit/537.36 (KHTML, like Gecko; compatible; GPTBot/1.4; +https://openai.com/gptbot)"
74.7.227.36 - - [07/Sep/2026:19:33:56 +0000] "GET /buy.php?detail/29804180132139 HTTP/2" 200 33366 "https://mukutpublications.com/buy.php?detail/30002482762068" "Mozilla/5.0 AppleWebKit/537.36 (KHTML, like Gecko; compatible; GPTBot/1.4; +https://openai.com/gptbot)"
74.7.227.36 - - [07/Sep/2026:19:34:06 +0000] "GET /buy.php?detail/20104911723745 HTTP/2" 200 35772 "https://mukutpublications.com/buy.php?detail/30002462869612" "Mozilla/5.0 AppleWebKit/537.36 (KHTML, like Gecko; compatible; GPTBot/1.4; +https://openai.com/gptbot)"
74.7.227.36 - - [07/Sep/2026:19:34:09 +0000] "GET /buy.php?detail/27403538907025 HTTP/2" 200 38414 "https://mukutpublications.com/buy.php?detail/23003958425366" "Mozilla/5.0 AppleWebKit/537.36 (KHTML, like Gecko; compatible; GPTBot/1.4; +https://openai.com/gptbot)"
51.38.115.161 - - [07/Sep/2026:19:34:15 +0000] "POST /wp-login.php HTTP/1.1" 200 14023 "https://mukutpublications.com/wp-login.php" "Mozilla/5.0 (Windows NT 10.0; Win64; x64) AppleWebKit/537.36 (KHTML, like Gecko) Chrome/124.0.0.0 Safari/537.36"
74.7.227.36 - - [07/Sep/2026:19:34:13 +0000] "GET /buy.php?detail/27703681713128 HTTP/2" 200 36105 "https://mukutpublications.com/buy.php?detail/27704111159898" "Mozilla/5.0 AppleWebKit/537.36 (KHTML, like Gecko; compatible; GPTBot/1.4; +https://openai.com/gptbot)"
74.7.227.36 - - [07/Sep/2026:19:34:16 +0000] "GET /buy.php?detail/27703610394172 HTTP/2" 200 38346 "https://mukutpublications.com/buy.php?detail/27704110613302" "Mozilla/5.0 AppleWebKit/537.36 (KHTML, like Gecko; compatible; GPTBot/1.4; +https://openai.com/gptbot)"
74.7.227.36 - - [07/Sep/2026:19:34:22 +0000] "GET /buy.php?detail/0800484362361 HTTP/2" 200 34079 "https://mukutpublications.com/buy.php?detail/20901207274316" "Mozilla/5.0 AppleWebKit/537.36 (KHTML, like Gecko; compatible; GPTBot/1.4; +https://openai.com/gptbot)"
74.7.227.36 - - [07/Sep/2026:19:34:25 +0000] "GET /buy.php?detail/16604693839837 HTTP/2" 200 37341 "https://mukutpublications.com/buy.php?detail/22501061701974" "Mozilla/5.0 AppleWebKit/537.36 (KHTML, like Gecko; compatible; GPTBot/1.4; +https://openai.com/gptbot)"
74.7.227.36 - - [07/Sep/2026:19:34:28 +0000] "GET /buy.php?detail/18203128615675 HTTP/2" 200 36941 "https://mukutpublications.com/buy.php?detail/18204214070412" "Mozilla/5.0 AppleWebKit/537.36 (KHTML, like Gecko; compatible; GPTBot/1.4; +https://openai.com/gptbot)"
74.7.227.36 - - [07/Sep/2026:19:34:33 +0000] "GET /buy.php?detail/17900242995548 HTTP/2" 200 37467 "https://mukutpublications.com/buy.php?detail/17900240667552" "Mozilla/5.0 AppleWebKit/537.36 (KHTML, like Gecko; compatible; GPTBot/1.4; +https://openai.com/gptbot)"
74.7.227.36 - - [07/Sep/2026:19:34:37 +0000] "GET /buy.php?detail/19500463004176 HTTP/2" 200 36430 "https://mukutpublications.com/buy.php?detail/23301249401659" "Mozilla/5.0 AppleWebKit/537.36 (KHTML, like Gecko; compatible; GPTBot/1.4; +https://openai.com/gptbot)"
74.7.227.36 - - [07/Sep/2026:19:34:40 +0000] "GET /buy.php?detail/05602291645311 HTTP/2" 200 36200 "https://mukutpublications.com/buy.php?detail/29101227014371" "Mozilla/5.0 AppleWebKit/537.36 (KHTML, like Gecko; compatible; GPTBot/1.4; +https://openai.com/gptbot)"
74.7.227.36 - - [07/Sep/2026:19:34:43 +0000] "GET /buy.php?detail/19701660284872 HTTP/2" 200 36980 "https://mukutpublications.com/buy.php?detail/29804180132139" "Mozilla/5.0 AppleWebKit/537.36 (KHTML, like Gecko; compatible; GPTBot/1.4; +https://openai.com/gptbot)"
74.7.227.36 - - [07/Sep/2026:19:34:45 +0000] "GET /buy.php?detail/20102080214357 HTTP/2" 200 36111 "https://mukutpublications.com/buy.php?detail/20104911723745" "Mozilla/5.0 AppleWebKit/537.36 (KHTML, like Gecko; compatible; GPTBot/1.4; +https://openai.com/gptbot)"
74.7.227.36 - - [07/Sep/2026:19:34:48 +0000] "GET /buy.php?detail/09504984670747 HTTP/2" 200 34377 "https://mukutpublications.com/buy.php?detail/29804180132139" "Mozilla/5.0 AppleWebKit/537.36 (KHTML, like Gecko; compatible; GPTBot/1.4; +https://openai.com/gptbot)"
74.7.227.36 - - [07/Sep/2026:19:34:51 +0000] "GET /buy.php?detail/16401076247959 HTTP/2" 200 37603 "https://mukutpublications.com/buy.php?detail/27703681713128" "Mozilla/5.0 AppleWebKit/537.36 (KHTML, like Gecko; compatible; GPTBot/1.4; +https://openai.com/gptbot)"
74.7.227.36 - - [07/Sep/2026:19:34:53 +0000] "GET /buy.php?detail/20401417947749 HTTP/2" 200 37620 "https://mukutpublications.com/buy.php?detail/02602242776924" "Mozilla/5.0 AppleWebKit/537.36 (KHTML, like Gecko; compatible; GPTBot/1.4; +https://openai.com/gptbot)"
74.7.227.36 - - [07/Sep/2026:19:34:56 +0000] "GET /buy.php?detail/03804489788684 HTTP/2" 200 38237 "https://mukutpublications.com/buy.php?detail/03803797519290" "Mozilla/5.0 AppleWebKit/537.36 (KHTML, like Gecko; compatible; GPTBot/1.4; +https://openai.com/gptbot)"
74.7.227.36 - - [07/Sep/2026:19:34:59 +0000] "GET /buy.php?detail/28303341711381 HTTP/2" 200 35189 "https://mukutpublications.com/buy.php?detail/01601821950876" "Mozilla/5.0 AppleWebKit/537.36 (KHTML, like Gecko; compatible; GPTBot/1.4; +https://openai.com/gptbot)"
74.7.227.36 - - [07/Sep/2026:19:35:13 +0000] "GET /buy.php?detail/0250065621404 HTTP/2" 200 36451 "https://mukutpublications.com/buy.php?detail/18203128615675" "Mozilla/5.0 AppleWebKit/537.36 (KHTML, like Gecko; compatible; GPTBot/1.4; +https://openai.com/gptbot)"
74.7.227.36 - - [07/Sep/2026:19:35:16 +0000] "GET /buy.php?detail/00604567427403 HTTP/2" 200 34418 "https://mukutpublications.com/buy.php?detail/17900242995548" "Mozilla/5.0 AppleWebKit/537.36 (KHTML, like Gecko; compatible; GPTBot/1.4; +https://openai.com/gptbot)"
74.7.227.36 - - [07/Sep/2026:19:35:18 +0000] "GET /buy.php?detail/18203107574431 HTTP/2" 200 39424 "https://mukutpublications.com/buy.php?detail/18203128615675" "Mozilla/5.0 AppleWebKit/537.36 (KHTML, like Gecko; compatible; GPTBot/1.4; +https://openai.com/gptbot)"
74.7.227.36 - - [07/Sep/2026:19:35:25 +0000] "GET /buy.php?detail/05602215605980 HTTP/2" 200 37246 "https://mukutpublications.com/buy.php?detail/05602291645311" "Mozilla/5.0 AppleWebKit/537.36 (KHTML, like Gecko; compatible; GPTBot/1.4; +https://openai.com/gptbot)"
74.7.227.36 - - [07/Sep/2026:19:35:32 +0000] "GET /buy.php?detail/17900170174966 HTTP/2" 200 37757 "https://mukutpublications.com/buy.php?detail/17900242995548" "Mozilla/5.0 AppleWebKit/537.36 (KHTML, like Gecko; compatible; GPTBot/1.4; +https://openai.com/gptbot)"
74.7.227.36 - - [07/Sep/2026:19:35:40 +0000] "GET /buy.php?detail/00901418984704 HTTP/2" 200 36769 "https://mukutpublications.com/buy.php?jp/009015309.html" "Mozilla/5.0 AppleWebKit/537.36 (KHTML, like Gecko; compatible; GPTBot/1.4; +https://openai.com/gptbot)"
74.7.227.36 - - [07/Sep/2026:19:35:43 +0000] "GET /buy.php?detail/02901103935123 HTTP/2" 200 36281 "https://mukutpublications.com/buy.php?detail/02902049359275" "Mozilla/5.0 AppleWebKit/537.36 (KHTML, like Gecko; compatible; GPTBot/1.4; +https://openai.com/gptbot)"
74.7.227.36 - - [07/Sep/2026:19:35:45 +0000] "GET /buy.php?detail/16401364917183 HTTP/2" 200 36713 "https://mukutpublications.com/buy.php?detail/16401076247959" "Mozilla/5.0 AppleWebKit/537.36 (KHTML, like Gecko; compatible; GPTBot/1.4; +https://openai.com/gptbot)"
74.7.227.36 - - [07/Sep/2026:19:35:48 +0000] "GET /buy.php?detail/16401363494598 HTTP/2" 200 35924 "https://mukutpublications.com/buy.php?detail/16401076247959" "Mozilla/5.0 AppleWebKit/537.36 (KHTML, like Gecko; compatible; GPTBot/1.4; +https://openai.com/gptbot)"
74.7.227.36 - - [07/Sep/2026:19:35:51 +0000] "GET /buy.php?detail/03804411612011 HTTP/2" 200 20 "https://mukutpublications.com/buy.php?detail/03804489788684" "Mozilla/5.0 AppleWebKit/537.36 (KHTML, like Gecko; compatible; GPTBot/1.4; +https://openai.com/gptbot)"
74.7.227.36 - - [07/Sep/2026:19:35:53 +0000] "GET /buy.php?detail/27401214432484 HTTP/2" 200 42087 "https://mukutpublications.com/buy.php?detail/27401106373534" "Mozilla/5.0 AppleWebKit/537.36 (KHTML, like Gecko; compatible; GPTBot/1.4; +https://openai.com/gptbot)"
74.7.227.36 - - [07/Sep/2026:19:35:58 +0000] "GET /buy.php?detail/00904016346470 HTTP/2" 200 33694 "https://mukutpublications.com/buy.php?detail/23204620708799" "Mozilla/5.0 AppleWebKit/537.36 (KHTML, like Gecko; compatible; GPTBot/1.4; +https://openai.com/gptbot)"
74.7.227.36 - - [07/Sep/2026:19:36:00 +0000] "GET /buy.php?detail/19500599879040 HTTP/2" 200 35751 "https://mukutpublications.com/buy.php?detail/19500463004176" "Mozilla/5.0 AppleWebKit/537.36 (KHTML, like Gecko; compatible; GPTBot/1.4; +https://openai.com/gptbot)"
74.7.227.36 - - [07/Sep/2026:19:36:03 +0000] "GET /buy.php?detail/10204012490882 HTTP/2" 200 34430 "https://mukutpublications.com/buy.php?detail/26204522549854" "Mozilla/5.0 AppleWebKit/537.36 (KHTML, like Gecko; compatible; GPTBot/1.4; +https://openai.com/gptbot)"
74.7.227.36 - - [07/Sep/2026:19:36:06 +0000] "GET /buy.php?detail/21200810380513 HTTP/2" 200 36650 "https://mukutpublications.com/buy.php?jp/219041658.html" "Mozilla/5.0 AppleWebKit/537.36 (KHTML, like Gecko; compatible; GPTBot/1.4; +https://openai.com/gptbot)"
74.7.227.36 - - [07/Sep/2026:19:36:09 +0000] "GET /buy.php?detail/15302521042948 HTTP/2" 200 38482 "https://mukutpublications.com/buy.php?detail/17900170174966" "Mozilla/5.0 AppleWebKit/537.36 (KHTML, like Gecko; compatible; GPTBot/1.4; +https://openai.com/gptbot)"
74.7.227.36 - - [07/Sep/2026:19:36:13 +0000] "GET /buy.php?detail/01203384493139 HTTP/2" 200 36729 "https://mukutpublications.com/buy.php?detail/00901418984704" "Mozilla/5.0 AppleWebKit/537.36 (KHTML, like Gecko; compatible; GPTBot/1.4; +https://openai.com/gptbot)"
74.7.227.36 - - [07/Sep/2026:19:36:15 +0000] "GET /buy.php?detail/01801994051330 HTTP/2" 200 36261 "https://mukutpublications.com/buy.php?detail/02901103935123" "Mozilla/5.0 AppleWebKit/537.36 (KHTML, like Gecko; compatible; GPTBot/1.4; +https://openai.com/gptbot)"
74.7.227.36 - - [07/Sep/2026:19:36:19 +0000] "GET /buy.php?detail/16401045351353 HTTP/2" 200 36331 "https://mukutpublications.com/buy.php?detail/16401364917183" "Mozilla/5.0 AppleWebKit/537.36 (KHTML, like Gecko; compatible; GPTBot/1.4; +https://openai.com/gptbot)"
74.7.227.36 - - [07/Sep/2026:19:36:22 +0000] "GET /buy.php?detail/16401738156460 HTTP/2" 200 37685 "https://mukutpublications.com/buy.php?detail/16401363494598" "Mozilla/5.0 AppleWebKit/537.36 (KHTML, like Gecko; compatible; GPTBot/1.4; +https://openai.com/gptbot)"
74.7.227.36 - - [07/Sep/2026:19:36:27 +0000] "GET /buy.php?detail/00100133479878 HTTP/2" 200 35797 "https://mukutpublications.com/buy.php?detail/16401364917183" "Mozilla/5.0 AppleWebKit/537.36 (KHTML, like Gecko; compatible; GPTBot/1.4; +https://openai.com/gptbot)"
74.7.227.36 - - [07/Sep/2026:19:36:33 +0000] "GET /buy.php?detail/16401738035171 HTTP/2" 200 36351 "https://mukutpublications.com/buy.php?detail/16401363494598" "Mozilla/5.0 AppleWebKit/537.36 (KHTML, like Gecko; compatible; GPTBot/1.4; +https://openai.com/gptbot)"
74.7.227.36 - - [07/Sep/2026:19:36:39 +0000] "GET /buy.php?detail/09203752007437 HTTP/2" 200 36405 "https://mukutpublications.com/buy.php?detail/00904016346470" "Mozilla/5.0 AppleWebKit/537.36 (KHTML, like Gecko; compatible; GPTBot/1.4; +https://openai.com/gptbot)"
74.7.227.36 - - [07/Sep/2026:19:36:42 +0000] "GET /buy.php?detail/29203341357410 HTTP/2" 200 34160 "https://mukutpublications.com/buy.php?detail/19500599879040" "Mozilla/5.0 AppleWebKit/537.36 (KHTML, like Gecko; compatible; GPTBot/1.4; +https://openai.com/gptbot)"
74.7.227.36 - - [07/Sep/2026:19:36:45 +0000] "GET /buy.php?detail/16601212070453 HTTP/2" 200 39149 "https://mukutpublications.com/buy.php?detail/10204012490882" "Mozilla/5.0 AppleWebKit/537.36 (KHTML, like Gecko; compatible; GPTBot/1.4; +https://openai.com/gptbot)"
74.7.227.36 - - [07/Sep/2026:19:36:48 +0000] "GET /buy.php?detail/21200959612765 HTTP/2" 200 37105 "https://mukutpublications.com/buy.php?detail/21200810380513" "Mozilla/5.0 AppleWebKit/537.36 (KHTML, like Gecko; compatible; GPTBot/1.4; +https://openai.com/gptbot)"
74.7.227.36 - - [07/Sep/2026:19:36:50 +0000] "GET /buy.php?detail/19700641981897 HTTP/2" 200 37360 "https://mukutpublications.com/buy.php?detail/15302521042948" "Mozilla/5.0 AppleWebKit/537.36 (KHTML, like Gecko; compatible; GPTBot/1.4; +https://openai.com/gptbot)"
74.7.227.36 - - [07/Sep/2026:19:36:54 +0000] "GET /buy.php?detail/01200094107799 HTTP/2" 200 35942 "https://mukutpublications.com/buy.php?detail/01203384493139" "Mozilla/5.0 AppleWebKit/537.36 (KHTML, like Gecko; compatible; GPTBot/1.4; +https://openai.com/gptbot)"
74.7.227.36 - - [07/Sep/2026:19:36:57 +0000] "GET /buy.php?detail/15303033448233 HTTP/2" 200 37634 "https://mukutpublications.com/buy.php?detail/15302521042948" "Mozilla/5.0 AppleWebKit/537.36 (KHTML, like Gecko; compatible; GPTBot/1.4; +https://openai.com/gptbot)"
74.7.227.36 - - [07/Sep/2026:19:36:59 +0000] "GET /buy.php?detail/16903230106488 HTTP/2" 200 34005 "https://mukutpublications.com/buy.php?detail/16401045351353" "Mozilla/5.0 AppleWebKit/537.36 (KHTML, like Gecko; compatible; GPTBot/1.4; +https://openai.com/gptbot)"
74.7.227.36 - - [07/Sep/2026:19:37:03 +0000] "GET /buy.php?detail/13700630028591 HTTP/2" 200 36479 "https://mukutpublications.com/buy.php?detail/16401738156460" "Mozilla/5.0 AppleWebKit/537.36 (KHTML, like Gecko; compatible; GPTBot/1.4; +https://openai.com/gptbot)"
160.153.184.24 - - [07/Sep/2026:19:37:11 +0000] "POST /wp-login.php HTTP/1.1" 200 14023 "https://mukutpublications.com/wp-login.php" "Mozilla/5.0 (Windows NT 10.0; Win64; x64) AppleWebKit/537.36 (KHTML, like Gecko) Chrome/124.0.0.0 Safari/537.36"
74.7.227.36 - - [07/Sep/2026:19:37:08 +0000] "GET /buy.php?detail/16401047900410 HTTP/2" 200 39041 "https://mukutpublications.com/buy.php?detail/16401738156460" "Mozilla/5.0 AppleWebKit/537.36 (KHTML, like Gecko; compatible; GPTBot/1.4; +https://openai.com/gptbot)"
74.7.227.36 - - [07/Sep/2026:19:37:12 +0000] "GET /buy.php?detail/28004140021358 HTTP/2" 200 37480 "https://mukutpublications.com/buy.php?detail/16401738156460" "Mozilla/5.0 AppleWebKit/537.36 (KHTML, like Gecko; compatible; GPTBot/1.4; +https://openai.com/gptbot)"
74.7.227.36 - - [07/Sep/2026:19:37:17 +0000] "GET /buy.php?detail/09200250244811 HTTP/2" 200 37557 "https://mukutpublications.com/buy.php?detail/09203752007437" "Mozilla/5.0 AppleWebKit/537.36 (KHTML, like Gecko; compatible; GPTBot/1.4; +https://openai.com/gptbot)"
74.7.227.36 - - [07/Sep/2026:19:37:19 +0000] "GET /buy.php?detail/09200253124512 HTTP/2" 200 36715 "https://mukutpublications.com/buy.php?detail/09203752007437" "Mozilla/5.0 AppleWebKit/537.36 (KHTML, like Gecko; compatible; GPTBot/1.4; +https://openai.com/gptbot)"
74.7.227.36 - - [07/Sep/2026:19:37:22 +0000] "GET /buy.php?detail/19803252203703 HTTP/2" 200 36287 "https://mukutpublications.com/buy.php?detail/00904016346470" "Mozilla/5.0 AppleWebKit/537.36 (KHTML, like Gecko; compatible; GPTBot/1.4; +https://openai.com/gptbot)"
74.7.227.36 - - [07/Sep/2026:19:37:26 +0000] "GET /buy.php?detail/11102970104236 HTTP/2" 200 38464 "https://mukutpublications.com/buy.php?detail/21200959612765" "Mozilla/5.0 AppleWebKit/537.36 (KHTML, like Gecko; compatible; GPTBot/1.4; +https://openai.com/gptbot)"
74.7.227.36 - - [07/Sep/2026:19:37:29 +0000] "GET /buy.php?detail/21201077904457 HTTP/2" 200 37135 "https://mukutpublications.com/buy.php?detail/21200959612765" "Mozilla/5.0 AppleWebKit/537.36 (KHTML, like Gecko; compatible; GPTBot/1.4; +https://openai.com/gptbot)"
91.92.243.241 - - [07/Sep/2026:19:37:32 +0000] "POST /wp-login.php HTTP/1.1" 200 14068 "-" "Mozilla/5.0"
91.92.243.241 - - [07/Sep/2026:19:37:32 +0000] "POST /wp-login.php HTTP/1.1" 200 14084 "-" "Mozilla/5.0"
74.7.227.36 - - [07/Sep/2026:19:37:31 +0000] "GET /buy.php?detail/10802843755257 HTTP/2" 200 35230 "https://mukutpublications.com/buy.php?detail/16401738156460" "Mozilla/5.0 AppleWebKit/537.36 (KHTML, like Gecko; compatible; GPTBot/1.4; +https://openai.com/gptbot)"
74.7.227.36 - - [07/Sep/2026:19:37:34 +0000] "GET /buy.php?detail/05301337150741 HTTP/2" 200 35150 "https://mukutpublications.com/buy.php?detail/05301332884812" "Mozilla/5.0 AppleWebKit/537.36 (KHTML, like Gecko; compatible; GPTBot/1.4; +https://openai.com/gptbot)"
74.7.227.36 - - [07/Sep/2026:19:37:37 +0000] "GET /buy.php?detail/03102786849818 HTTP/2" 200 34312 "https://mukutpublications.com/buy.php?detail/16903230106488" "Mozilla/5.0 AppleWebKit/537.36 (KHTML, like Gecko; compatible; GPTBot/1.4; +https://openai.com/gptbot)"
74.7.227.36 - - [07/Sep/2026:19:37:39 +0000] "GET /buy.php?detail/05701221965571 HTTP/2" 200 37402 "https://mukutpublications.com/buy.php?detail/13700630028591" "Mozilla/5.0 AppleWebKit/537.36 (KHTML, like Gecko; compatible; GPTBot/1.4; +https://openai.com/gptbot)"
74.7.227.36 - - [07/Sep/2026:19:37:42 +0000] "GET /buy.php?detail/13700599858013 HTTP/2" 200 36845 "https://mukutpublications.com/buy.php?detail/13700630028591" "Mozilla/5.0 AppleWebKit/537.36 (KHTML, like Gecko; compatible; GPTBot/1.4; +https://openai.com/gptbot)"
74.7.227.36 - - [07/Sep/2026:19:37:45 +0000] "GET /buy.php?detail/05001882312152 HTTP/2" 200 35466 "https://mukutpublications.com/buy.php?detail/23901795262602" "Mozilla/5.0 AppleWebKit/537.36 (KHTML, like Gecko; compatible; GPTBot/1.4; +https://openai.com/gptbot)"
74.7.227.36 - - [07/Sep/2026:19:37:47 +0000] "GET /buy.php?detail/09200973393256 HTTP/2" 200 37636 "https://mukutpublications.com/buy.php?detail/09200250244811" "Mozilla/5.0 AppleWebKit/537.36 (KHTML, like Gecko; compatible; GPTBot/1.4; +https://openai.com/gptbot)"
74.7.227.36 - - [07/Sep/2026:19:37:50 +0000] "GET /buy.php?detail/05800736731517 HTTP/2" 200 37514 "https://mukutpublications.com/buy.php?detail/09200253124512" "Mozilla/5.0 AppleWebKit/537.36 (KHTML, like Gecko; compatible; GPTBot/1.4; +https://openai.com/gptbot)"
101.32.194.212 - - [07/Sep/2026:19:37:53 +0000] "POST /wp-login.php HTTP/1.1" 200 14023 "https://mukutpublications.com/wp-login.php" "Mozilla/5.0 (Windows NT 10.0; Win64; x64) AppleWebKit/537.36 (KHTML, like Gecko) Chrome/124.0.0.0 Safari/537.36"
74.7.227.36 - - [07/Sep/2026:19:37:53 +0000] "GET /buy.php?detail/09200977472241 HTTP/2" 200 38217 "https://mukutpublications.com/buy.php?detail/09200250244811" "Mozilla/5.0 AppleWebKit/537.36 (KHTML, like Gecko; compatible; GPTBot/1.4; +https://openai.com/gptbot)"
74.7.227.36 - - [07/Sep/2026:19:38:03 +0000] "GET /buy.php?detail/02701306992899 HTTP/2" 200 36209 "https://mukutpublications.com/buy.php?detail/09200250244811" "Mozilla/5.0 AppleWebKit/537.36 (KHTML, like Gecko; compatible; GPTBot/1.4; +https://openai.com/gptbot)"
74.7.227.36 - - [07/Sep/2026:19:38:06 +0000] "GET /buy.php?detail/09201423423041 HTTP/2" 200 36335 "https://mukutpublications.com/buy.php?detail/09200253124512" "Mozilla/5.0 AppleWebKit/537.36 (KHTML, like Gecko; compatible; GPTBot/1.4; +https://openai.com/gptbot)"
74.7.227.36 - - [07/Sep/2026:19:38:08 +0000] "GET /buy.php?detail/20904641014434 HTTP/2" 200 33456 "https://mukutpublications.com/buy.php?detail/12704789347707" "Mozilla/5.0 AppleWebKit/537.36 (KHTML, like Gecko; compatible; GPTBot/1.4; +https://openai.com/gptbot)"
74.7.227.36 - - [07/Sep/2026:19:38:14 +0000] "GET /buy.php?detail/05301344223515 HTTP/2" 200 35183 "https://mukutpublications.com/buy.php?detail/05301337150741" "Mozilla/5.0 AppleWebKit/537.36 (KHTML, like Gecko; compatible; GPTBot/1.4; +https://openai.com/gptbot)"
74.7.227.36 - - [07/Sep/2026:19:38:18 +0000] "GET /buy.php?detail/28402426520068 HTTP/2" 200 37776 "https://mukutpublications.com/buy.php?goods/229039884" "Mozilla/5.0 AppleWebKit/537.36 (KHTML, like Gecko; compatible; GPTBot/1.4; +https://openai.com/gptbot)"
74.7.227.36 - - [07/Sep/2026:19:38:22 +0000] "GET /buy.php?detail/25204037747468 HTTP/2" 200 35605 "https://mukutpublications.com/buy.php?detail/05701221965571" "Mozilla/5.0 AppleWebKit/537.36 (KHTML, like Gecko; compatible; GPTBot/1.4; +https://openai.com/gptbot)"
74.7.227.36 - - [07/Sep/2026:19:38:24 +0000] "GET /buy.php?detail/13700395769203 HTTP/2" 200 37417 "https://mukutpublications.com/buy.php?detail/13700599858013" "Mozilla/5.0 AppleWebKit/537.36 (KHTML, like Gecko; compatible; GPTBot/1.4; +https://openai.com/gptbot)"
74.7.227.36 - - [07/Sep/2026:19:38:27 +0000] "GET /buy.php?detail/05001930377761 HTTP/2" 200 36915 "https://mukutpublications.com/buy.php?detail/05001882312152" "Mozilla/5.0 AppleWebKit/537.36 (KHTML, like Gecko; compatible; GPTBot/1.4; +https://openai.com/gptbot)"
74.7.227.36 - - [07/Sep/2026:19:38:30 +0000] "GET /buy.php?detail/22203179375187 HTTP/2" 200 36907 "https://mukutpublications.com/buy.php?detail/09200973393256" "Mozilla/5.0 AppleWebKit/537.36 (KHTML, like Gecko; compatible; GPTBot/1.4; +https://openai.com/gptbot)"
74.7.227.36 - - [07/Sep/2026:19:38:34 +0000] "GET /buy.php?detail/11002810239104 HTTP/2" 200 34748 "https://mukutpublications.com/buy.php?detail/05001882312152" "Mozilla/5.0 AppleWebKit/537.36 (KHTML, like Gecko; compatible; GPTBot/1.4; +https://openai.com/gptbot)"
74.7.227.36 - - [07/Sep/2026:19:38:36 +0000] "GET /buy.php?detail/08604517159553 HTTP/2" 200 37687 "https://mukutpublications.com/buy.php?detail/05701221965571" "Mozilla/5.0 AppleWebKit/537.36 (KHTML, like Gecko; compatible; GPTBot/1.4; +https://openai.com/gptbot)"
74.7.227.36 - - [07/Sep/2026:19:38:39 +0000] "GET /buy.php?detail/02701326394019 HTTP/2" 200 37492 "https://mukutpublications.com/buy.php?detail/02701306992899" "Mozilla/5.0 AppleWebKit/537.36 (KHTML, like Gecko; compatible; GPTBot/1.4; +https://openai.com/gptbot)"
74.7.227.36 - - [07/Sep/2026:19:38:42 +0000] "GET /buy.php?detail/09200583750957 HTTP/2" 200 36950 "https://mukutpublications.com/buy.php?detail/09201423423041" "Mozilla/5.0 AppleWebKit/537.36 (KHTML, like Gecko; compatible; GPTBot/1.4; +https://openai.com/gptbot)"
74.7.227.36 - - [07/Sep/2026:19:38:44 +0000] "GET /buy.php?detail/25301718303458 HTTP/2" 200 36155 "https://mukutpublications.com/buy.php?detail/09201423423041" "Mozilla/5.0 AppleWebKit/537.36 (KHTML, like Gecko; compatible; GPTBot/1.4; +https://openai.com/gptbot)"
74.7.227.36 - - [07/Sep/2026:19:38:47 +0000] "GET /buy.php?detail/29504281964229 HTTP/2" 200 34775 "https://mukutpublications.com/buy.php?detail/05301344223515" "Mozilla/5.0 AppleWebKit/537.36 (KHTML, like Gecko; compatible; GPTBot/1.4; +https://openai.com/gptbot)"
74.7.227.36 - - [07/Sep/2026:19:38:50 +0000] "GET /buy.php?detail/28402886465778 HTTP/2" 200 36748 "https://mukutpublications.com/buy.php?detail/28402426520068" "Mozilla/5.0 AppleWebKit/537.36 (KHTML, like Gecko; compatible; GPTBot/1.4; +https://openai.com/gptbot)"
74.7.227.36 - - [07/Sep/2026:19:38:53 +0000] "GET /buy.php?detail/29301528233430 HTTP/2" 200 33999 "https://mukutpublications.com/buy.php?detail/28402426520068" "Mozilla/5.0 AppleWebKit/537.36 (KHTML, like Gecko; compatible; GPTBot/1.4; +https://openai.com/gptbot)"
74.7.227.36 - - [07/Sep/2026:19:38:56 +0000] "GET /buy.php?detail/11503965883509 HTTP/2" 200 37956 "https://mukutpublications.com/buy.php?detail/13700395769203" "Mozilla/5.0 AppleWebKit/537.36 (KHTML, like Gecko; compatible; GPTBot/1.4; +https://openai.com/gptbot)"
74.7.227.36 - - [07/Sep/2026:19:38:59 +0000] "GET /buy.php?detail/25604830930609 HTTP/2" 200 34251 "https://mukutpublications.com/buy.php?detail/05301344223515" "Mozilla/5.0 AppleWebKit/537.36 (KHTML, like Gecko; compatible; GPTBot/1.4; +https://openai.com/gptbot)"
74.7.227.36 - - [07/Sep/2026:19:39:02 +0000] "GET /buy.php?detail/02701325875573 HTTP/2" 200 36260 "https://mukutpublications.com/buy.php?detail/02701306992899" "Mozilla/5.0 AppleWebKit/537.36 (KHTML, like Gecko; compatible; GPTBot/1.4; +https://openai.com/gptbot)"
74.7.227.36 - - [07/Sep/2026:19:39:05 +0000] "GET /buy.php?detail/05301336261711 HTTP/2" 200 34979 "https://mukutpublications.com/buy.php?detail/05301344223515" "Mozilla/5.0 AppleWebKit/537.36 (KHTML, like Gecko; compatible; GPTBot/1.4; +https://openai.com/gptbot)"
74.7.227.36 - - [07/Sep/2026:19:39:07 +0000] "GET /buy.php?detail/08601305130676 HTTP/2" 200 37042 "https://mukutpublications.com/buy.php?detail/08604517159553" "Mozilla/5.0 AppleWebKit/537.36 (KHTML, like Gecko; compatible; GPTBot/1.4; +https://openai.com/gptbot)"
74.7.227.36 - - [07/Sep/2026:19:39:11 +0000] "GET /buy.php?detail/08601305312137 HTTP/2" 200 36292 "https://mukutpublications.com/buy.php?detail/08604517159553" "Mozilla/5.0 AppleWebKit/537.36 (KHTML, like Gecko; compatible; GPTBot/1.4; +https://openai.com/gptbot)"
74.7.227.36 - - [07/Sep/2026:19:39:14 +0000] "GET /buy.php?detail/06602095349152 HTTP/2" 200 33864 "https://mukutpublications.com/buy.php?detail/02701326394019" "Mozilla/5.0 AppleWebKit/537.36 (KHTML, like Gecko; compatible; GPTBot/1.4; +https://openai.com/gptbot)"
74.7.227.36 - - [07/Sep/2026:19:39:16 +0000] "GET /buy.php?detail/17300511534707 HTTP/2" 200 37673 "https://mukutpublications.com/buy.php?detail/17300353745953" "Mozilla/5.0 AppleWebKit/537.36 (KHTML, like Gecko; compatible; GPTBot/1.4; +https://openai.com/gptbot)"
74.7.227.36 - - [07/Sep/2026:19:39:23 +0000] "GET /buy.php?detail/14502519209826 HTTP/2" 200 37609 "https://mukutpublications.com/buy.php?detail/29504281964229" "Mozilla/5.0 AppleWebKit/537.36 (KHTML, like Gecko; compatible; GPTBot/1.4; +https://openai.com/gptbot)"
74.7.227.36 - - [07/Sep/2026:19:39:28 +0000] "GET /buy.php?detail/13402873244051 HTTP/2" 200 35784 "https://mukutpublications.com/buy.php?detail/28402886465778" "Mozilla/5.0 AppleWebKit/537.36 (KHTML, like Gecko; compatible; GPTBot/1.4; +https://openai.com/gptbot)"
74.7.227.36 - - [07/Sep/2026:19:39:32 +0000] "GET /buy.php?detail/23003691512302 HTTP/2" 200 35982 "https://mukutpublications.com/buy.php?detail/29301528233430" "Mozilla/5.0 AppleWebKit/537.36 (KHTML, like Gecko; compatible; GPTBot/1.4; +https://openai.com/gptbot)"
74.7.227.36 - - [07/Sep/2026:19:39:35 +0000] "GET /buy.php?detail/01800151598692 HTTP/2" 200 37102 "https://mukutpublications.com/buy.php?detail/11503965883509" "Mozilla/5.0 AppleWebKit/537.36 (KHTML, like Gecko; compatible; GPTBot/1.4; +https://openai.com/gptbot)"
74.7.227.36 - - [07/Sep/2026:19:39:38 +0000] "GET /buy.php?detail/11503001689689 HTTP/2" 200 37219 "https://mukutpublications.com/buy.php?detail/11503965883509" "Mozilla/5.0 AppleWebKit/537.36 (KHTML, like Gecko; compatible; GPTBot/1.4; +https://openai.com/gptbot)"
74.7.227.36 - - [07/Sep/2026:19:39:41 +0000] "GET /buy.php?detail/02701992037395 HTTP/2" 200 35499 "https://mukutpublications.com/buy.php?detail/02701325875573" "Mozilla/5.0 AppleWebKit/537.36 (KHTML, like Gecko; compatible; GPTBot/1.4; +https://openai.com/gptbot)"
74.7.227.36 - - [07/Sep/2026:19:39:44 +0000] "GET /buy.php?detail/05301334537774 HTTP/2" 200 34684 "https://mukutpublications.com/buy.php?detail/05301336261711" "Mozilla/5.0 AppleWebKit/537.36 (KHTML, like Gecko; compatible; GPTBot/1.4; +https://openai.com/gptbot)"
74.7.227.36 - - [07/Sep/2026:19:39:47 +0000] "GET /buy.php?detail/05301333385731 HTTP/2" 200 35605 "https://mukutpublications.com/buy.php?detail/05301336261711" "Mozilla/5.0 AppleWebKit/537.36 (KHTML, like Gecko; compatible; GPTBot/1.4; +https://openai.com/gptbot)"
74.7.227.36 - - [07/Sep/2026:19:39:49 +0000] "GET /buy.php?detail/08600838727113 HTTP/2" 200 35910 "https://mukutpublications.com/buy.php?detail/08601305312137" "Mozilla/5.0 AppleWebKit/537.36 (KHTML, like Gecko; compatible; GPTBot/1.4; +https://openai.com/gptbot)"
74.7.227.36 - - [07/Sep/2026:19:39:56 +0000] "GET /buy.php?detail/21603972020221 HTTP/2" 200 34715 "https://mukutpublications.com/buy.php?detail/08601305312137" "Mozilla/5.0 AppleWebKit/537.36 (KHTML, like Gecko; compatible; GPTBot/1.4; +https://openai.com/gptbot)"
74.7.227.36 - - [07/Sep/2026:19:40:00 +0000] "GET /buy.php?goods/100041623 HTTP/2" 200 37335 "https://mukutpublications.com/buy.php?detail/17300511534707" "Mozilla/5.0 AppleWebKit/537.36 (KHTML, like Gecko; compatible; GPTBot/1.4; +https://openai.com/gptbot)"
74.7.227.36 - - [07/Sep/2026:19:40:05 +0000] "GET /buy.php?goods/072018067 HTTP/2" 200 37823 "https://mukutpublications.com/buy.php?detail/17300511534707" "Mozilla/5.0 AppleWebKit/537.36 (KHTML, like Gecko; compatible; GPTBot/1.4; +https://openai.com/gptbot)"
74.7.227.36 - - [07/Sep/2026:19:40:10 +0000] "GET /buy.php?detail/04304770551570 HTTP/2" 200 36288 "https://mukutpublications.com/buy.php?detail/13402873244051" "Mozilla/5.0 AppleWebKit/537.36 (KHTML, like Gecko; compatible; GPTBot/1.4; +https://openai.com/gptbot)"
74.7.227.36 - - [07/Sep/2026:19:40:13 +0000] "GET /buy.php?detail/07200078438780 HTTP/2" 200 35714 "https://mukutpublications.com/buy.php?detail/14502519209826" "Mozilla/5.0 AppleWebKit/537.36 (KHTML, like Gecko; compatible; GPTBot/1.4; +https://openai.com/gptbot)"
74.7.227.36 - - [07/Sep/2026:19:40:17 +0000] "GET /buy.php?detail/10302199960622 HTTP/2" 200 20 "https://mukutpublications.com/buy.php?detail/23003691512302" "Mozilla/5.0 AppleWebKit/537.36 (KHTML, like Gecko; compatible; GPTBot/1.4; +https://openai.com/gptbot)"
74.7.227.36 - - [07/Sep/2026:19:40:37 +0000] "GET /buy.php?detail/05604282052608 HTTP/2" 200 37256 "https://mukutpublications.com/buy.php?detail/11503001689689" "Mozilla/5.0 AppleWebKit/537.36 (KHTML, like Gecko; compatible; GPTBot/1.4; +https://openai.com/gptbot)"
74.7.227.36 - - [07/Sep/2026:19:40:40 +0000] "GET /buy.php?detail/07003997502039 HTTP/2" 200 38085 "https://mukutpublications.com/buy.php?detail/23003691512302" "Mozilla/5.0 AppleWebKit/537.36 (KHTML, like Gecko; compatible; GPTBot/1.4; +https://openai.com/gptbot)"
74.7.227.36 - - [07/Sep/2026:19:40:43 +0000] "GET /buy.php?detail/12202060751048 HTTP/2" 200 35582 "https://mukutpublications.com/buy.php?detail/05301334537774" "Mozilla/5.0 AppleWebKit/537.36 (KHTML, like Gecko; compatible; GPTBot/1.4; +https://openai.com/gptbot)"
74.7.227.36 - - [07/Sep/2026:19:40:45 +0000] "GET /buy.php?detail/02304459814145 HTTP/2" 200 34669 "https://mukutpublications.com/buy.php?detail/05301333385731" "Mozilla/5.0 AppleWebKit/537.36 (KHTML, like Gecko; compatible; GPTBot/1.4; +https://openai.com/gptbot)"
74.7.227.36 - - [07/Sep/2026:19:40:48 +0000] "GET /buy.php?detail/10101269156592 HTTP/2" 200 36503 "https://mukutpublications.com/buy.php?detail/14502519209826" "Mozilla/5.0 AppleWebKit/537.36 (KHTML, like Gecko; compatible; GPTBot/1.4; +https://openai.com/gptbot)"
74.7.227.36 - - [07/Sep/2026:19:40:51 +0000] "GET /buy.php?detail/29100207340042 HTTP/2" 200 34689 "https://mukutpublications.com/buy.php?detail/21603972020221" "Mozilla/5.0 AppleWebKit/537.36 (KHTML, like Gecko; compatible; GPTBot/1.4; +https://openai.com/gptbot)"
206.189.60.220 - - [07/Sep/2026:19:40:55 +0000] "POST /wp-login.php HTTP/1.1" 200 14023 "https://mukutpublications.com/wp-login.php" "Mozilla/5.0 (Windows NT 10.0; Win64; x64) AppleWebKit/537.36 (KHTML, like Gecko) Chrome/124.0.0.0 Safari/537.36"
74.7.227.36 - - [07/Sep/2026:19:40:53 +0000] "GET /buy.php?detail/10003575810412 HTTP/2" 200 37486 "https://mukutpublications.com/buy.php?goods/100041623" "Mozilla/5.0 AppleWebKit/537.36 (KHTML, like Gecko; compatible; GPTBot/1.4; +https://openai.com/gptbot)"
74.7.227.36 - - [07/Sep/2026:19:40:56 +0000] "GET /buy.php?goods/072029772 HTTP/2" 200 37962 "https://mukutpublications.com/buy.php?goods/072018067" "Mozilla/5.0 AppleWebKit/537.36 (KHTML, like Gecko; compatible; GPTBot/1.4; +https://openai.com/gptbot)"
74.7.227.36 - - [07/Sep/2026:19:40:59 +0000] "GET /buy.php?detail/10003564554428 HTTP/2" 200 36993 "https://mukutpublications.com/buy.php?goods/100041623" "Mozilla/5.0 AppleWebKit/537.36 (KHTML, like Gecko; compatible; GPTBot/1.4; +https://openai.com/gptbot)"
74.7.227.36 - - [07/Sep/2026:19:41:03 +0000] "GET /buy.php?detail/12100509718025 HTTP/2" 200 36604 "https://mukutpublications.com/buy.php?detail/05301334537774" "Mozilla/5.0 AppleWebKit/537.36 (KHTML, like Gecko; compatible; GPTBot/1.4; +https://openai.com/gptbot)"
74.7.227.36 - - [07/Sep/2026:19:41:06 +0000] "GET /buy.php?detail/13302734053283 HTTP/2" 200 35051 "https://mukutpublications.com/buy.php?detail/08600838727113" "Mozilla/5.0 AppleWebKit/537.36 (KHTML, like Gecko; compatible; GPTBot/1.4; +https://openai.com/gptbot)"
74.7.227.36 - - [07/Sep/2026:19:41:10 +0000] "GET /buy.php?detail/07202980924083 HTTP/2" 200 38440 "https://mukutpublications.com/buy.php?goods/072018067" "Mozilla/5.0 AppleWebKit/537.36 (KHTML, like Gecko; compatible; GPTBot/1.4; +https://openai.com/gptbot)"
74.7.227.36 - - [07/Sep/2026:19:41:14 +0000] "GET /buy.php?detail/02000769345596 HTTP/2" 200 34211 "https://mukutpublications.com/buy.php?detail/07003997502039" "Mozilla/5.0 AppleWebKit/537.36 (KHTML, like Gecko; compatible; GPTBot/1.4; +https://openai.com/gptbot)"
74.7.227.36 - - [07/Sep/2026:19:41:19 +0000] "GET /buy.php?detail/04204685910551 HTTP/2" 200 34739 "https://mukutpublications.com/buy.php?detail/07003997502039" "Mozilla/5.0 AppleWebKit/537.36 (KHTML, like Gecko; compatible; GPTBot/1.4; +https://openai.com/gptbot)"
74.7.227.36 - - [07/Sep/2026:19:41:21 +0000] "GET /buy.php?detail/02701340992122 HTTP/2" 200 35527 "https://mukutpublications.com/buy.php?detail/02701992037395" "Mozilla/5.0 AppleWebKit/537.36 (KHTML, like Gecko; compatible; GPTBot/1.4; +https://openai.com/gptbot)"
74.7.227.36 - - [07/Sep/2026:19:41:24 +0000] "GET /buy.php?detail/10600577023716 HTTP/2" 200 40509 "https://mukutpublications.com/buy.php?detail/11503001689689" "Mozilla/5.0 AppleWebKit/537.36 (KHTML, like Gecko; compatible; GPTBot/1.4; +https://openai.com/gptbot)"
74.7.227.36 - - [07/Sep/2026:19:41:27 +0000] "GET /buy.php?detail/01604101515852 HTTP/2" 200 35494 "https://mukutpublications.com/buy.php?detail/29100207340042" "Mozilla/5.0 AppleWebKit/537.36 (KHTML, like Gecko; compatible; GPTBot/1.4; +https://openai.com/gptbot)"
74.7.227.36 - - [07/Sep/2026:19:41:29 +0000] "GET /buy.php?detail/10004381508731 HTTP/2" 200 36431 "https://mukutpublications.com/buy.php?detail/10003575810412" "Mozilla/5.0 AppleWebKit/537.36 (KHTML, like Gecko; compatible; GPTBot/1.4; +https://openai.com/gptbot)"
74.7.227.36 - - [07/Sep/2026:19:41:34 +0000] "GET /buy.php?detail/10004381015477 HTTP/2" 200 36321 "https://mukutpublications.com/buy.php?detail/10003575810412" "Mozilla/5.0 AppleWebKit/537.36 (KHTML, like Gecko; compatible; GPTBot/1.4; +https://openai.com/gptbot)"
74.7.227.36 - - [07/Sep/2026:19:41:37 +0000] "GET /buy.php?detail/10004221917886 HTTP/2" 200 36736 "https://mukutpublications.com/buy.php?detail/10003564554428" "Mozilla/5.0 AppleWebKit/537.36 (KHTML, like Gecko; compatible; GPTBot/1.4; +https://openai.com/gptbot)"
74.7.227.36 - - [07/Sep/2026:19:41:40 +0000] "GET /buy.php?detail/10004380460880 HTTP/2" 200 36877 "https://mukutpublications.com/buy.php?detail/10003575810412" "Mozilla/5.0 AppleWebKit/537.36 (KHTML, like Gecko; compatible; GPTBot/1.4; +https://openai.com/gptbot)"
74.7.227.36 - - [07/Sep/2026:19:41:42 +0000] "GET /buy.php?detail/29100334459447 HTTP/2" 200 35589 "https://mukutpublications.com/buy.php?detail/29100207340042" "Mozilla/5.0 AppleWebKit/537.36 (KHTML, like Gecko; compatible; GPTBot/1.4; +https://openai.com/gptbot)"
160.153.184.24 - - [07/Sep/2026:19:41:48 +0000] "POST /wp-login.php HTTP/1.1" 200 14023 "https://mukutpublications.com/wp-login.php" "Mozilla/5.0 (Windows NT 10.0; Win64; x64) AppleWebKit/537.36 (KHTML, like Gecko) Chrome/124.0.0.0 Safari/537.36"
74.7.227.36 - - [07/Sep/2026:19:41:45 +0000] "GET /buy.php?detail/20801372959550 HTTP/2" 200 35622 "https://mukutpublications.com/buy.php?detail/07202980924083" "Mozilla/5.0 AppleWebKit/537.36 (KHTML, like Gecko; compatible; GPTBot/1.4; +https://openai.com/gptbot)"
101.32.194.212 - - [07/Sep/2026:19:41:52 +0000] "POST /wp-login.php HTTP/1.1" 200 14023 "https://mukutpublications.com/wp-login.php" "Mozilla/5.0 (Windows NT 10.0; Win64; x64) AppleWebKit/537.36 (KHTML, like Gecko) Chrome/124.0.0.0 Safari/537.36"
74.7.227.36 - - [07/Sep/2026:19:41:50 +0000] "GET /buy.php?detail/01703614192392 HTTP/2" 200 36346 "https://mukutpublications.com/buy.php?detail/02000769345596" "Mozilla/5.0 AppleWebKit/537.36 (KHTML, like Gecko; compatible; GPTBot/1.4; +https://openai.com/gptbot)"
74.7.227.36 - - [07/Sep/2026:19:41:53 +0000] "GET /buy.php?detail/05000692231515 HTTP/2" 200 39346 "https://mukutpublications.com/buy.php?detail/04204685910551" "Mozilla/5.0 AppleWebKit/537.36 (KHTML, like Gecko; compatible; GPTBot/1.4; +https://openai.com/gptbot)"
74.7.227.36 - - [07/Sep/2026:19:42:00 +0000] "GET /buy.php?detail/03301039356228 HTTP/2" 200 20 "https://mukutpublications.com/buy.php?detail/02000769345596" "Mozilla/5.0 AppleWebKit/537.36 (KHTML, like Gecko; compatible; GPTBot/1.4; +https://openai.com/gptbot)"
74.7.227.36 - - [07/Sep/2026:19:42:19 +0000] "GET /buy.php?detail/10600158395050 HTTP/2" 200 36137 "https://mukutpublications.com/buy.php?detail/10600577023716" "Mozilla/5.0 AppleWebKit/537.36 (KHTML, like Gecko; compatible; GPTBot/1.4; +https://openai.com/gptbot)"
74.7.227.36 - - [07/Sep/2026:19:42:22 +0000] "GET /buy.php?detail/25004078625729 HTTP/2" 200 36411 "https://mukutpublications.com/buy.php?detail/01604101515852" "Mozilla/5.0 AppleWebKit/537.36 (KHTML, like Gecko; compatible; GPTBot/1.4; +https://openai.com/gptbot)"
51.79.230.26 - - [07/Sep/2026:19:42:27 +0000] "POST /wp-cron.php?doing_wp_cron=1788810147.1066648960113525390625 HTTP/1.1" 403 1242 "-" "WordPress/7.1; https://mukutpublications.com"
74.7.227.36 - - [07/Sep/2026:19:42:25 +0000] "GET /buy.php?detail/100011845009 HTTP/2" 200 35710 "https://mukutpublications.com/buy.php?detail/10004381508731" "Mozilla/5.0 AppleWebKit/537.36 (KHTML, like Gecko; compatible; GPTBot/1.4; +https://openai.com/gptbot)"
74.7.227.36 - - [07/Sep/2026:19:42:27 +0000] "GET /buy.php?detail/10001184078694 HTTP/2" 200 36321 "https://mukutpublications.com/buy.php?detail/10004381508731" "Mozilla/5.0 AppleWebKit/537.36 (KHTML, like Gecko; compatible; GPTBot/1.4; +https://openai.com/gptbot)"
74.7.227.36 - - [07/Sep/2026:19:42:31 +0000] "GET /buy.php?detail/00102819576815 HTTP/2" 200 35054 "https://mukutpublications.com/buy.php?detail/04204685910551" "Mozilla/5.0 AppleWebKit/537.36 (KHTML, like Gecko; compatible; GPTBot/1.4; +https://openai.com/gptbot)"
74.7.227.36 - - [07/Sep/2026:19:42:34 +0000] "GET /buy.php?detail/10003973108194 HTTP/2" 200 36166 "https://mukutpublications.com/buy.php?detail/10004380460880" "Mozilla/5.0 AppleWebKit/537.36 (KHTML, like Gecko; compatible; GPTBot/1.4; +https://openai.com/gptbot)"
74.7.227.36 - - [07/Sep/2026:19:42:39 +0000] "GET /buy.php?detail/10003961044567 HTTP/2" 200 36050 "https://mukutpublications.com/buy.php?detail/10004380460880" "Mozilla/5.0 AppleWebKit/537.36 (KHTML, like Gecko; compatible; GPTBot/1.4; +https://openai.com/gptbot)"
74.7.227.36 - - [07/Sep/2026:19:42:41 +0000] "GET /buy.php?detail/07501160364750 HTTP/2" 200 37210 "https://mukutpublications.com/buy.php?detail/10004381015477" "Mozilla/5.0 AppleWebKit/537.36 (KHTML, like Gecko; compatible; GPTBot/1.4; +https://openai.com/gptbot)"
74.7.227.36 - - [07/Sep/2026:19:42:44 +0000] "GET /buy.php?detail/29100182532530 HTTP/2" 200 35451 "https://mukutpublications.com/buy.php?detail/29100334459447" "Mozilla/5.0 AppleWebKit/537.36 (KHTML, like Gecko; compatible; GPTBot/1.4; +https://openai.com/gptbot)"
74.7.227.36 - - [07/Sep/2026:19:42:47 +0000] "GET /buy.php?detail/05000991905812 HTTP/2" 200 38902 "https://mukutpublications.com/buy.php?detail/05000692231515" "Mozilla/5.0 AppleWebKit/537.36 (KHTML, like Gecko; compatible; GPTBot/1.4; +https://openai.com/gptbot)"
74.7.227.36 - - [07/Sep/2026:19:42:50 +0000] "GET /buy.php?detail/05000984309674 HTTP/2" 200 37767 "https://mukutpublications.com/buy.php?detail/05000692231515" "Mozilla/5.0 AppleWebKit/537.36 (KHTML, like Gecko; compatible; GPTBot/1.4; +https://openai.com/gptbot)"
74.7.227.36 - - [07/Sep/2026:19:42:54 +0000] "GET /buy.php?jp/106005246.html HTTP/2" 200 36103 "https://mukutpublications.com/buy.php?detail/10600158395050" "Mozilla/5.0 AppleWebKit/537.36 (KHTML, like Gecko; compatible; GPTBot/1.4; +https://openai.com/gptbot)"
74.7.227.36 - - [07/Sep/2026:19:43:04 +0000] "GET /buy.php?jp/142006230.html HTTP/2" 200 36264 "https://mukutpublications.com/buy.php?detail/14200623026280" "Mozilla/5.0 AppleWebKit/537.36 (KHTML, like Gecko; compatible; GPTBot/1.4; +https://openai.com/gptbot)"
74.7.227.36 - - [07/Sep/2026:19:43:08 +0000] "GET /buy.php?detail/24702354302741 HTTP/2" 200 35027 "https://mukutpublications.com/buy.php?detail/10600158395050" "Mozilla/5.0 AppleWebKit/537.36 (KHTML, like Gecko; compatible; GPTBot/1.4; +https://openai.com/gptbot)"
74.7.227.36 - - [07/Sep/2026:19:43:11 +0000] "GET /buy.php?detail/10004033012929 HTTP/2" 200 36785 "https://mukutpublications.com/buy.php?detail/100011845009" "Mozilla/5.0 AppleWebKit/537.36 (KHTML, like Gecko; compatible; GPTBot/1.4; +https://openai.com/gptbot)"
74.7.227.36 - - [07/Sep/2026:19:43:14 +0000] "GET /buy.php?detail/10004197352744 HTTP/2" 200 36579 "https://mukutpublications.com/buy.php?detail/10001184078694" "Mozilla/5.0 AppleWebKit/537.36 (KHTML, like Gecko; compatible; GPTBot/1.4; +https://openai.com/gptbot)"
74.7.227.36 - - [07/Sep/2026:19:43:20 +0000] "GET /buy.php?detail/11501571750834 HTTP/2" 200 37950 "https://mukutpublications.com/buy.php?detail/100011845009" "Mozilla/5.0 AppleWebKit/537.36 (KHTML, like Gecko; compatible; GPTBot/1.4; +https://openai.com/gptbot)"
74.7.227.36 - - [07/Sep/2026:19:43:26 +0000] "GET /buy.php?detail/10000772673307 HTTP/2" 200 36038 "https://mukutpublications.com/buy.php?detail/10003973108194" "Mozilla/5.0 AppleWebKit/537.36 (KHTML, like Gecko; compatible; GPTBot/1.4; +https://openai.com/gptbot)"
74.7.227.36 - - [07/Sep/2026:19:43:28 +0000] "GET /buy.php?detail/18600696363995 HTTP/2" 200 34657 "https://mukutpublications.com/buy.php?detail/10003973108194" "Mozilla/5.0 AppleWebKit/537.36 (KHTML, like Gecko; compatible; GPTBot/1.4; +https://openai.com/gptbot)"
74.7.227.36 - - [07/Sep/2026:19:43:33 +0000] "GET /buy.php?detail/16401440357669 HTTP/2" 200 38341 "https://mukutpublications.com/buy.php?detail/07501160364750" "Mozilla/5.0 AppleWebKit/537.36 (KHTML, like Gecko; compatible; GPTBot/1.4; +https://openai.com/gptbot)"
74.7.227.36 - - [07/Sep/2026:19:43:36 +0000] "GET /buy.php?detail/08403046627360 HTTP/2" 200 38669 "https://mukutpublications.com/buy.php?detail/29100334459447" "Mozilla/5.0 AppleWebKit/537.36 (KHTML, like Gecko; compatible; GPTBot/1.4; +https://openai.com/gptbot)"
74.7.227.36 - - [07/Sep/2026:19:43:40 +0000] "GET /buy.php?detail/19603761004773 HTTP/2" 200 33717 "https://mukutpublications.com/buy.php?detail/10003575810412" "Mozilla/5.0 AppleWebKit/537.36 (KHTML, like Gecko; compatible; GPTBot/1.4; +https://openai.com/gptbot)"
74.7.227.36 - - [07/Sep/2026:19:43:42 +0000] "GET /buy.php?detail/22102939915450 HTTP/2" 200 38642 "https://mukutpublications.com/buy.php?detail/23003691512302" "Mozilla/5.0 AppleWebKit/537.36 (KHTML, like Gecko; compatible; GPTBot/1.4; +https://openai.com/gptbot)"
74.7.227.36 - - [07/Sep/2026:19:43:45 +0000] "GET /buy.php?detail/07202788227290 HTTP/2" 200 37350 "https://mukutpublications.com/buy.php?goods/072029772" "Mozilla/5.0 AppleWebKit/537.36 (KHTML, like Gecko; compatible; GPTBot/1.4; +https://openai.com/gptbot)"
74.7.227.36 - - [07/Sep/2026:19:43:48 +0000] "GET /buy.php?detail/00401552298331 HTTP/2" 200 37969 "https://mukutpublications.com/buy.php?detail/29301528233430" "Mozilla/5.0 AppleWebKit/537.36 (KHTML, like Gecko; compatible; GPTBot/1.4; +https://openai.com/gptbot)"
74.7.227.36 - - [07/Sep/2026:19:43:51 +0000] "GET /buy.php?detail/10004587037894 HTTP/2" 200 37385 "https://mukutpublications.com/buy.php?detail/10004033012929" "Mozilla/5.0 AppleWebKit/537.36 (KHTML, like Gecko; compatible; GPTBot/1.4; +https://openai.com/gptbot)"
74.7.227.36 - - [07/Sep/2026:19:43:53 +0000] "GET /buy.php?detail/12800754374718 HTTP/2" 200 37446 "https://mukutpublications.com/buy.php?detail/02701340992122" "Mozilla/5.0 AppleWebKit/537.36 (KHTML, like Gecko; compatible; GPTBot/1.4; +https://openai.com/gptbot)"
